{"id":3383,"date":"2022-09-04T02:24:05","date_gmt":"2022-09-04T00:24:05","guid":{"rendered":"https:\/\/lefoyerxl.be\/?post_type=arcticles-bruxelles&#038;p=3383"},"modified":"2022-09-04T02:33:17","modified_gmt":"2022-09-04T00:33:17","slug":"demenagement","status":"publish","type":"arcticles-bruxelles","link":"https:\/\/lefoyerxl.be\/nl\/arcticles-bruxelles\/verwijdering\/","title":{"rendered":"Verhuizing"},"content":{"rendered":"<div data-elementor-type=\"wp-post\" data-elementor-id=\"3383\" class=\"elementor elementor-3383\" data-elementor-post-type=\"arcticles-bruxelles\">\n\t\t\t\t\t\t<section class=\"elementor-section elementor-top-section elementor-element elementor-element-c495c42 elementor-section-boxed elementor-section-height-default elementor-section-height-default\" data-id=\"c495c42\" data-element_type=\"section\" data-e-type=\"section\">\n\t\t\t\t\t\t<div class=\"elementor-container elementor-column-gap-default\">\n\t\t\t\t\t<div class=\"elementor-column elementor-col-100 elementor-top-column elementor-element elementor-element-a67a9ea\" data-id=\"a67a9ea\" data-element_type=\"column\" data-e-type=\"column\">\n\t\t\t<div class=\"elementor-widget-wrap elementor-element-populated\">\n\t\t\t\t\t\t<div class=\"elementor-element elementor-element-f313d47 elementor-widget elementor-widget-text-editor\" data-id=\"f313d47\" data-element_type=\"widget\" data-e-type=\"widget\" data-widget_type=\"text-editor.default\">\n\t\t\t\t<div class=\"elementor-widget-container\">\n\t\t\t\t\t\t\t\t\t<p>Noteer eventuele schade en vraag de teamleider deze te paraferen. Teken geen ontvangstbevestiging van de verhuizing zonder eerst de volgende woorden te ondertekenen: \"onder voorbehoud van verificatie van verlies of schade\". Sorteren wat overblijft en wat weggaat. Soms moet u afscheid nemen van uw herinneringen en tientallen dozen inpakken. Expatri\u00ebring is een beroemde uitdaging maar ook een beroemde stress. Dus om het met een gerust hart te doen, wendt u zich tot een verhuizer die vertrouwd is met stevig inpakken en lang internationaal transport. In twee woorden: expatriation professionals.<\/p><p>\u00a0<\/p><p>Een succesvolle verhuizing!<\/p><p>\u00a0<\/p><ol><li><p>Al uw bezittingen zijn verzekerd voor hun vervangingswaarde.<\/p><\/li><li><p>Water en elektriciteit zijn operationeel.<\/p><\/li><li><p>U toont het team het huis van boven tot onder en plaatst eventueel bordjes op de deuren met de naam van elke kamer in de taal die het team begrijpt (de meeste verhuisbedrijven spreken Engels).<\/p><\/li><li><p>Het team van verhuizers mag niet groter zijn dan 4 personen. U loopt het risico overweldigd te worden als er meer zijn.<\/p><\/li><li><p>Je neemt de tijd om uit te leggen wat je wilt.<\/p><\/li><li><p>U zorgt voor toezicht op uw kinderen.<\/p><\/li><li><p>Jij zorgt voor eten en drinken. Bied de teamleden iets te drinken aan, het zal zeer gewaardeerd worden.<\/p><\/li><li><p>U zorgt ervoor dat ALLES wordt uitgepakt en dat dozen, dozen en papieren worden opgeruimd voordat de verhuizers vertrekken.<\/p><\/li><li><p>Noteer eventuele schade en vraag de teamleider deze te paraferen. Teken geen ontvangstbevestiging van de verhuizing zonder eerst de volgende woorden te ondertekenen: \"onder voorbehoud van verificatie van verlies of schade\".<\/p><\/li><li><p>Vergeet de tip niet.<\/p><\/li><\/ol><p>\u00a0<\/p><p>Gebruik een verhuizer die gewend is aan internationale verhuizingen om veel complicaties te voorkomen.<\/p><p>\u00a0<\/p><p><strong>Goed om te weten.<\/strong><\/p><p>\u00a0<\/p><p>Een advies:<\/p><p><br \/>Vergeet niet een parkeerplaats voor uw gebouw te reserveren voor de verhuiswagen. Doe een paar dagen voor de verhuizing een aanvraag bij uw gemeente.<\/p><p>\u00a0<\/p>\t\t\t\t\t\t\t\t<\/div>\n\t\t\t\t<\/div>\n\t\t\t\t\t<\/div>\n\t\t<\/div>\n\t\t\t\t\t<\/div>\n\t\t<\/section>\n\t\t\t\t<section class=\"elementor-section elementor-top-section elementor-element elementor-element-11040ef elementor-section-boxed elementor-section-height-default elementor-section-height-default\" data-id=\"11040ef\" data-element_type=\"section\" data-e-type=\"section\">\n\t\t\t\t\t\t<div class=\"elementor-container elementor-column-gap-default\">\n\t\t\t\t\t<div class=\"elementor-column elementor-col-100 elementor-top-column elementor-element elementor-element-93aaeae\" data-id=\"93aaeae\" data-element_type=\"column\" data-e-type=\"column\">\n\t\t\t<div class=\"elementor-widget-wrap\">\n\t\t\t\t\t\t\t<\/div>\n\t\t<\/div>\n\t\t\t\t\t<\/div>\n\t\t<\/section>\n\t\t\t\t<section class=\"elementor-section elementor-top-section elementor-element elementor-element-62f92a4 elementor-section-boxed elementor-section-height-default elementor-section-height-default\" data-id=\"62f92a4\" data-element_type=\"section\" data-e-type=\"section\">\n\t\t\t\t\t\t<div class=\"elementor-container elementor-column-gap-default\">\n\t\t\t\t\t<div class=\"elementor-column elementor-col-100 elementor-top-column elementor-element elementor-element-7c9a942\" data-id=\"7c9a942\" data-element_type=\"column\" data-e-type=\"column\">\n\t\t\t<div class=\"elementor-widget-wrap elementor-element-populated\">\n\t\t\t\t\t\t<div class=\"elementor-element elementor-element-0d33ba2 elementor-align-center elementor-widget elementor-widget-button\" data-id=\"0d33ba2\" data-element_type=\"widget\" data-e-type=\"widget\" data-widget_type=\"button.default\">\n\t\t\t\t<div class=\"elementor-widget-container\">\n\t\t\t\t\t\t\t\t\t<div class=\"elementor-button-wrapper\">\n\t\t\t\t\t<a class=\"elementor-button elementor-button-link elementor-size-sm\" href=\"#\">\n\t\t\t\t\t\t<span class=\"elementor-button-content-wrapper\">\n\t\t\t\t\t\t\t\t\t<span class=\"elementor-button-text\">Nuttige link<\/span>\n\t\t\t\t\t<\/span>\n\t\t\t\t\t<\/a>\n\t\t\t\t<\/div>\n\t\t\t\t\t\t\t\t<\/div>\n\t\t\t\t<\/div>\n\t\t\t\t\t<\/div>\n\t\t<\/div>\n\t\t\t\t\t<\/div>\n\t\t<\/section>\n\t\t\t\t<\/div>","protected":false},"featured_media":0,"template":"","categories_bruxelles":[35],"class_list":["post-3383","arcticles-bruxelles","type-arcticles-bruxelles","status-publish","hentry","categories_bruxelles-integration-bruxelles","entry"],"acf":[],"yoast_head":"<!-- This site is optimized with the Yoast SEO plugin v27.4 - https:\/\/yoast.com\/product\/yoast-seo-wordpress\/ -->\n<title>D\u00e9m\u00e9nagement - Centre de sant\u00e9 le foyer<\/title>\n<meta name=\"robots\" content=\"index, follow, max-snippet:-1, max-image-preview:large, max-video-preview:-1\" \/>\n<link rel=\"canonical\" href=\"https:\/\/lefoyerxl.be\/nl\/arcticles-bruxelles\/verwijdering\/\" \/>\n<meta property=\"og:locale\" content=\"nl_BE\" \/>\n<meta property=\"og:type\" content=\"article\" \/>\n<meta property=\"og:title\" content=\"D\u00e9m\u00e9nagement - Centre de sant\u00e9 le foyer\" \/>\n<meta property=\"og:description\" content=\"Prenez note des d\u00e9g\u00e2ts \u00e9ventuels et demandez le paraphe du&hellip; Verder lezen over D\u00e9m\u00e9nagement\" \/>\n<meta property=\"og:url\" content=\"https:\/\/lefoyerxl.be\/nl\/arcticles-bruxelles\/verwijdering\/\" \/>\n<meta property=\"og:site_name\" content=\"Centre de sant\u00e9 le foyer\" \/>\n<meta property=\"article:modified_time\" content=\"2022-09-04T00:33:17+00:00\" \/>\n<meta name=\"twitter:card\" content=\"summary_large_image\" \/>\n<meta name=\"twitter:label1\" content=\"Geschatte leestijd\" \/>\n\t<meta name=\"twitter:data1\" content=\"2 minuten\" \/>\n<script type=\"application\/ld+json\" class=\"yoast-schema-graph\">{\"@context\":\"https:\\\/\\\/schema.org\",\"@graph\":[{\"@type\":\"WebPage\",\"@id\":\"https:\\\/\\\/lefoyerxl.be\\\/arcticles-bruxelles\\\/demenagement\\\/\",\"url\":\"https:\\\/\\\/lefoyerxl.be\\\/arcticles-bruxelles\\\/demenagement\\\/\",\"name\":\"D\u00e9m\u00e9nagement - Centre de sant\u00e9 le foyer\",\"isPartOf\":{\"@id\":\"https:\\\/\\\/lefoyerxl.be\\\/#website\"},\"datePublished\":\"2022-09-04T00:24:05+00:00\",\"dateModified\":\"2022-09-04T00:33:17+00:00\",\"breadcrumb\":{\"@id\":\"https:\\\/\\\/lefoyerxl.be\\\/arcticles-bruxelles\\\/demenagement\\\/#breadcrumb\"},\"inLanguage\":\"nl-BE\",\"potentialAction\":[{\"@type\":\"ReadAction\",\"target\":[\"https:\\\/\\\/lefoyerxl.be\\\/arcticles-bruxelles\\\/demenagement\\\/\"]}]},{\"@type\":\"BreadcrumbList\",\"@id\":\"https:\\\/\\\/lefoyerxl.be\\\/arcticles-bruxelles\\\/demenagement\\\/#breadcrumb\",\"itemListElement\":[{\"@type\":\"ListItem\",\"position\":1,\"name\":\"Accueil\",\"item\":\"https:\\\/\\\/lefoyerxl.be\\\/\"},{\"@type\":\"ListItem\",\"position\":2,\"name\":\"Articles Bruxelles\",\"item\":\"https:\\\/\\\/lefoyerxl.be\\\/articles-bruxelles\\\/\"},{\"@type\":\"ListItem\",\"position\":3,\"name\":\"D\u00e9m\u00e9nagement\"}]},{\"@type\":\"WebSite\",\"@id\":\"https:\\\/\\\/lefoyerxl.be\\\/#website\",\"url\":\"https:\\\/\\\/lefoyerxl.be\\\/\",\"name\":\"Centre de sant\u00e9 le foyer\",\"description\":\"\",\"publisher\":{\"@id\":\"https:\\\/\\\/lefoyerxl.be\\\/#organization\"},\"potentialAction\":[{\"@type\":\"SearchAction\",\"target\":{\"@type\":\"EntryPoint\",\"urlTemplate\":\"https:\\\/\\\/lefoyerxl.be\\\/?s={search_term_string}\"},\"query-input\":{\"@type\":\"PropertyValueSpecification\",\"valueRequired\":true,\"valueName\":\"search_term_string\"}}],\"inLanguage\":\"nl-BE\"},{\"@type\":\"Organization\",\"@id\":\"https:\\\/\\\/lefoyerxl.be\\\/#organization\",\"name\":\"Centre de sant\u00e9 le foyer\",\"url\":\"https:\\\/\\\/lefoyerxl.be\\\/\",\"logo\":{\"@type\":\"ImageObject\",\"inLanguage\":\"nl-BE\",\"@id\":\"https:\\\/\\\/lefoyerxl.be\\\/#\\\/schema\\\/logo\\\/image\\\/\",\"url\":\"https:\\\/\\\/lefoyerxl.be\\\/wp-content\\\/uploads\\\/2022\\\/05\\\/Logo_Centre_de_sante_Le_Foyer_72dpi.png\",\"contentUrl\":\"https:\\\/\\\/lefoyerxl.be\\\/wp-content\\\/uploads\\\/2022\\\/05\\\/Logo_Centre_de_sante_Le_Foyer_72dpi.png\",\"width\":800,\"height\":620,\"caption\":\"Centre de sant\u00e9 le foyer\"},\"image\":{\"@id\":\"https:\\\/\\\/lefoyerxl.be\\\/#\\\/schema\\\/logo\\\/image\\\/\"}}]}<\/script>\n<!-- \/ Yoast SEO plugin. -->","yoast_head_json":{"title":"Moving - Centre de sant\u00e9 le foyer","robots":{"index":"index","follow":"follow","max-snippet":"max-snippet:-1","max-image-preview":"max-image-preview:large","max-video-preview":"max-video-preview:-1"},"canonical":"https:\/\/lefoyerxl.be\/nl\/arcticles-bruxelles\/verwijdering\/","og_locale":"nl_BE","og_type":"article","og_title":"D\u00e9m\u00e9nagement - Centre de sant\u00e9 le foyer","og_description":"Prenez note des d\u00e9g\u00e2ts \u00e9ventuels et demandez le paraphe du&hellip; Verder lezen over D\u00e9m\u00e9nagement","og_url":"https:\/\/lefoyerxl.be\/nl\/arcticles-bruxelles\/verwijdering\/","og_site_name":"Centre de sant\u00e9 le foyer","article_modified_time":"2022-09-04T00:33:17+00:00","twitter_card":"summary_large_image","twitter_misc":{"Geschatte leestijd":"2 minuten"},"schema":{"@context":"https:\/\/schema.org","@graph":[{"@type":"WebPage","@id":"https:\/\/lefoyerxl.be\/arcticles-bruxelles\/demenagement\/","url":"https:\/\/lefoyerxl.be\/arcticles-bruxelles\/demenagement\/","name":"Moving - Centre de sant\u00e9 le foyer","isPartOf":{"@id":"https:\/\/lefoyerxl.be\/#website"},"datePublished":"2022-09-04T00:24:05+00:00","dateModified":"2022-09-04T00:33:17+00:00","breadcrumb":{"@id":"https:\/\/lefoyerxl.be\/arcticles-bruxelles\/demenagement\/#breadcrumb"},"inLanguage":"nl-BE","potentialAction":[{"@type":"ReadAction","target":["https:\/\/lefoyerxl.be\/arcticles-bruxelles\/demenagement\/"]}]},{"@type":"BreadcrumbList","@id":"https:\/\/lefoyerxl.be\/arcticles-bruxelles\/demenagement\/#breadcrumb","itemListElement":[{"@type":"ListItem","position":1,"name":"Accueil","item":"https:\/\/lefoyerxl.be\/"},{"@type":"ListItem","position":2,"name":"Articles Bruxelles","item":"https:\/\/lefoyerxl.be\/articles-bruxelles\/"},{"@type":"ListItem","position":3,"name":"D\u00e9m\u00e9nagement"}]},{"@type":"WebSite","@id":"https:\/\/lefoyerxl.be\/#website","url":"https:\/\/lefoyerxl.be\/","name":"Gezondheidscentrum le foyer","description":"","publisher":{"@id":"https:\/\/lefoyerxl.be\/#organization"},"potentialAction":[{"@type":"SearchAction","target":{"@type":"EntryPoint","urlTemplate":"https:\/\/lefoyerxl.be\/?s={search_term_string}"},"query-input":{"@type":"PropertyValueSpecification","valueRequired":true,"valueName":"search_term_string"}}],"inLanguage":"nl-BE"},{"@type":"Organization","@id":"https:\/\/lefoyerxl.be\/#organization","name":"Gezondheidscentrum le foyer","url":"https:\/\/lefoyerxl.be\/","logo":{"@type":"ImageObject","inLanguage":"nl-BE","@id":"https:\/\/lefoyerxl.be\/#\/schema\/logo\/image\/","url":"https:\/\/lefoyerxl.be\/wp-content\/uploads\/2022\/05\/Logo_Centre_de_sante_Le_Foyer_72dpi.png","contentUrl":"https:\/\/lefoyerxl.be\/wp-content\/uploads\/2022\/05\/Logo_Centre_de_sante_Le_Foyer_72dpi.png","width":800,"height":620,"caption":"Centre de sant\u00e9 le foyer"},"image":{"@id":"https:\/\/lefoyerxl.be\/#\/schema\/logo\/image\/"}}]}},"_links":{"self":[{"href":"https:\/\/lefoyerxl.be\/nl\/wp-json\/wp\/v2\/arcticles-bruxelles\/3383","targetHints":{"allow":["GET"]}}],"collection":[{"href":"https:\/\/lefoyerxl.be\/nl\/wp-json\/wp\/v2\/arcticles-bruxelles"}],"about":[{"href":"https:\/\/lefoyerxl.be\/nl\/wp-json\/wp\/v2\/types\/arcticles-bruxelles"}],"version-history":[{"count":4,"href":"https:\/\/lefoyerxl.be\/nl\/wp-json\/wp\/v2\/arcticles-bruxelles\/3383\/revisions"}],"predecessor-version":[{"id":3393,"href":"https:\/\/lefoyerxl.be\/nl\/wp-json\/wp\/v2\/arcticles-bruxelles\/3383\/revisions\/3393"}],"wp:attachment":[{"href":"https:\/\/lefoyerxl.be\/nl\/wp-json\/wp\/v2\/media?parent=3383"}],"wp:term":[{"taxonomy":"categories_bruxelles","embeddable":true,"href":"https:\/\/lefoyerxl.be\/nl\/wp-json\/wp\/v2\/categories_bruxelles?post=3383"}],"curies":[{"name":"wp","href":"https:\/\/api.w.org\/{rel}","templated":true}]}}

<div data-elementor-type="wp-post" data-elementor-id="3383" class="elementor elementor-3383" data-elementor-post-type="arcticles-bruxelles">
						<section class="elementor-section elementor-top-section elementor-element elementor-element-c495c42 elementor-section-boxed elementor-section-height-default elementor-section-height-default" data-id="c495c42" data-element_type="section" data-e-type="section">
						<div class="elementor-container elementor-column-gap-default">
					<div class="elementor-column elementor-col-100 elementor-top-column elementor-element elementor-element-a67a9ea" data-id="a67a9ea" data-element_type="column" data-e-type="column">
			<div class="elementor-widget-wrap elementor-element-populated">
						<div class="elementor-element elementor-element-f313d47 elementor-widget elementor-widget-text-editor" data-id="f313d47" data-element_type="widget" data-e-type="widget" data-widget_type="text-editor.default">
				<div class="elementor-widget-container">
									<p>Noteer eventuele schade en vraag de teamleider deze te paraferen. Teken geen ontvangstbevestiging van de verhuizing zonder eerst de volgende woorden te ondertekenen: "onder voorbehoud van verificatie van verlies of schade". Sorteren wat overblijft en wat weggaat. Soms moet u afscheid nemen van uw herinneringen en tientallen dozen inpakken. Expatriëring is een beroemde uitdaging maar ook een beroemde stress. Dus om het met een gerust hart te doen, wendt u zich tot een verhuizer die vertrouwd is met stevig inpakken en lang internationaal transport. In twee woorden: expatriation professionals.</p><p> </p><p>Een succesvolle verhuizing!</p><p> </p><ol><li><p>Al uw bezittingen zijn verzekerd voor hun vervangingswaarde.</p></li><li><p>Water en elektriciteit zijn operationeel.</p></li><li><p>U toont het team het huis van boven tot onder en plaatst eventueel bordjes op de deuren met de naam van elke kamer in de taal die het team begrijpt (de meeste verhuisbedrijven spreken Engels).</p></li><li><p>Het team van verhuizers mag niet groter zijn dan 4 personen. U loopt het risico overweldigd te worden als er meer zijn.</p></li><li><p>Je neemt de tijd om uit te leggen wat je wilt.</p></li><li><p>U zorgt voor toezicht op uw kinderen.</p></li><li><p>Jij zorgt voor eten en drinken. Bied de teamleden iets te drinken aan, het zal zeer gewaardeerd worden.</p></li><li><p>U zorgt ervoor dat ALLES wordt uitgepakt en dat dozen, dozen en papieren worden opgeruimd voordat de verhuizers vertrekken.</p></li><li><p>Noteer eventuele schade en vraag de teamleider deze te paraferen. Teken geen ontvangstbevestiging van de verhuizing zonder eerst de volgende woorden te ondertekenen: "onder voorbehoud van verificatie van verlies of schade".</p></li><li><p>Vergeet de tip niet.</p></li></ol><p> </p><p>Gebruik een verhuizer die gewend is aan internationale verhuizingen om veel complicaties te voorkomen.</p><p> </p><p><strong>Goed om te weten.</strong></p><p> </p><p>Een advies:</p><p><br />Vergeet niet een parkeerplaats voor uw gebouw te reserveren voor de verhuiswagen. Doe een paar dagen voor de verhuizing een aanvraag bij uw gemeente.</p><p> </p>								</div>
				</div>
					</div>
		</div>
					</div>
		</section>
				<section class="elementor-section elementor-top-section elementor-element elementor-element-11040ef elementor-section-boxed elementor-section-height-default elementor-section-height-default" data-id="11040ef" data-element_type="section" data-e-type="section">
						<div class="elementor-container elementor-column-gap-default">
					<div class="elementor-column elementor-col-100 elementor-top-column elementor-element elementor-element-93aaeae" data-id="93aaeae" data-element_type="column" data-e-type="column">
			<div class="elementor-widget-wrap">
							</div>
		</div>
					</div>
		</section>
				<section class="elementor-section elementor-top-section elementor-element elementor-element-62f92a4 elementor-section-boxed elementor-section-height-default elementor-section-height-default" data-id="62f92a4" data-element_type="section" data-e-type="section">
						<div class="elementor-container elementor-column-gap-default">
					<div class="elementor-column elementor-col-100 elementor-top-column elementor-element elementor-element-7c9a942" data-id="7c9a942" data-element_type="column" data-e-type="column">
			<div class="elementor-widget-wrap elementor-element-populated">
						<div class="elementor-element elementor-element-0d33ba2 elementor-align-center elementor-widget elementor-widget-button" data-id="0d33ba2" data-element_type="widget" data-e-type="widget" data-widget_type="button.default">
				<div class="elementor-widget-container">
									<div class="elementor-button-wrapper">
					<a class="elementor-button elementor-button-link elementor-size-sm" href="#">
						<span class="elementor-button-content-wrapper">
									<span class="elementor-button-text">Nuttige link</span>
					</span>
					</a>
				</div>
								</div>
				</div>
					</div>
		</div>
					</div>
		</section>
				</div>

<!-- This site is optimized with the Yoast SEO plugin v27.4 - https://yoast.com/product/yoast-seo-wordpress/ -->
<title>Déménagement - Centre de santé le foyer</title>
<meta name="robots" content="index, follow, max-snippet:-1, max-image-preview:large, max-video-preview:-1" />
<link rel="canonical" href="https://lefoyerxl.be/nl/arcticles-bruxelles/verwijdering/" />
<meta property="og:locale" content="nl_BE" />
<meta property="og:type" content="article" />
<meta property="og:title" content="Déménagement - Centre de santé le foyer" />
<meta property="og:description" content="Prenez note des dégâts éventuels et demandez le paraphe du&hellip; Verder lezen over Déménagement" />
<meta property="og:url" content="https://lefoyerxl.be/nl/arcticles-bruxelles/verwijdering/" />
<meta property="og:site_name" content="Centre de santé le foyer" />
<meta property="article:modified_time" content="2022-09-04T00:33:17+00:00" />
<meta name="twitter:card" content="summary_large_image" />
<meta name="twitter:label1" content="Geschatte leestijd" />
	<meta name="twitter:data1" content="2 minuten" />
<script type="application/ld+json" class="yoast-schema-graph">{"@context":"https:\/\/schema.org","@graph":[{"@type":"WebPage","@id":"https:\/\/lefoyerxl.be\/arcticles-bruxelles\/demenagement\/","url":"https:\/\/lefoyerxl.be\/arcticles-bruxelles\/demenagement\/","name":"Déménagement - Centre de santé le foyer","isPartOf":{"@id":"https:\/\/lefoyerxl.be\/#website"},"datePublished":"2022-09-04T00:24:05+00:00","dateModified":"2022-09-04T00:33:17+00:00","breadcrumb":{"@id":"https:\/\/lefoyerxl.be\/arcticles-bruxelles\/demenagement\/#breadcrumb"},"inLanguage":"nl-BE","potentialAction":[{"@type":"ReadAction","target":["https:\/\/lefoyerxl.be\/arcticles-bruxelles\/demenagement\/"]}]},{"@type":"BreadcrumbList","@id":"https:\/\/lefoyerxl.be\/arcticles-bruxelles\/demenagement\/#breadcrumb","itemListElement":[{"@type":"ListItem","position":1,"name":"Accueil","item":"https:\/\/lefoyerxl.be\/"},{"@type":"ListItem","position":2,"name":"Articles Bruxelles","item":"https:\/\/lefoyerxl.be\/articles-bruxelles\/"},{"@type":"ListItem","position":3,"name":"Déménagement"}]},{"@type":"WebSite","@id":"https:\/\/lefoyerxl.be\/#website","url":"https:\/\/lefoyerxl.be\/","name":"Centre de santé le foyer","description":"","publisher":{"@id":"https:\/\/lefoyerxl.be\/#organization"},"potentialAction":[{"@type":"SearchAction","target":{"@type":"EntryPoint","urlTemplate":"https:\/\/lefoyerxl.be\/?s={search_term_string}"},"query-input":{"@type":"PropertyValueSpecification","valueRequired":true,"valueName":"search_term_string"}}],"inLanguage":"nl-BE"},{"@type":"Organization","@id":"https:\/\/lefoyerxl.be\/#organization","name":"Centre de santé le foyer","url":"https:\/\/lefoyerxl.be\/","logo":{"@type":"ImageObject","inLanguage":"nl-BE","@id":"https:\/\/lefoyerxl.be\/#\/schema\/logo\/image\/","url":"https:\/\/lefoyerxl.be\/wp-content\/uploads\/2022\/05\/Logo_Centre_de_sante_Le_Foyer_72dpi.png","contentUrl":"https:\/\/lefoyerxl.be\/wp-content\/uploads\/2022\/05\/Logo_Centre_de_sante_Le_Foyer_72dpi.png","width":800,"height":620,"caption":"Centre de santé le foyer"},"image":{"@id":"https:\/\/lefoyerxl.be\/#\/schema\/logo\/image\/"}}]}</script>
<!-- / Yoast SEO plugin. -->

Moving - Centre de santé le foyer

Déménagement - Centre de santé le foyer

Prenez note des dégâts éventuels et demandez le paraphe du&hellip; Verder lezen over Déménagement

Centre de santé le foyer

Déménagement
