{"id":3514,"date":"2022-09-16T05:39:52","date_gmt":"2022-09-16T03:39:52","guid":{"rendered":"https:\/\/lefoyerxl.be\/?post_type=arcticles-bruxelles&#038;p=3514"},"modified":"2022-09-16T06:15:51","modified_gmt":"2022-09-16T04:15:51","slug":"television-par-satellite","status":"publish","type":"arcticles-bruxelles","link":"https:\/\/lefoyerxl.be\/es\/arcticles-bruxelles\/television-por-satelite\/","title":{"rendered":"Televisi\u00f3n por sat\u00e9lite"},"content":{"rendered":"<div data-elementor-type=\"wp-post\" data-elementor-id=\"3514\" class=\"elementor elementor-3514\" data-elementor-post-type=\"arcticles-bruxelles\">\n\t\t\t\t\t\t<section class=\"elementor-section elementor-top-section elementor-element elementor-element-8d9efea elementor-section-boxed elementor-section-height-default elementor-section-height-default\" data-id=\"8d9efea\" data-element_type=\"section\" data-e-type=\"section\">\n\t\t\t\t\t\t<div class=\"elementor-container elementor-column-gap-default\">\n\t\t\t\t\t<div class=\"elementor-column elementor-col-100 elementor-top-column elementor-element elementor-element-98fc8e5\" data-id=\"98fc8e5\" data-element_type=\"column\" data-e-type=\"column\">\n\t\t\t<div class=\"elementor-widget-wrap elementor-element-populated\">\n\t\t\t\t\t\t<div class=\"elementor-element elementor-element-7cdd6fd elementor-widget elementor-widget-text-editor\" data-id=\"7cdd6fd\" data-element_type=\"widget\" data-e-type=\"widget\" data-widget_type=\"text-editor.default\">\n\t\t\t\t<div class=\"elementor-widget-container\">\n\t\t\t\t\t\t\t\t\t<h2><span style=\"text-decoration: underline;\"><strong>Televisi\u00f3n por sat\u00e9lite :<\/strong><\/span><\/h2><p>\u00a0<\/p><p>La televisi\u00f3n por sat\u00e9lite es una alternativa para los extranjeros. En B\u00e9lgica es posible apuntar a todos los sat\u00e9lites de Europa mediante una antena parab\u00f3lica. Es posible abonarse a los siguientes servicios:<\/p><p>\u00a0<\/p><p>Canalsat\/Canal+ (Francia), Canal Digitaal (Pa\u00edses Bajos), Digital+ (Espa\u00f1a), Digiturk (Turqu\u00eda), NC+ (Polonia), Nova (Bulgaria), ORF (Austria), Sky Deutschland (Alemania), Sky Italy (Italia), Sky UK (Reino Unido), SRG SSR (Suiza), Tivusat (Italia), TNTSAT (Francia), TVR (Ruman\u00eda), etc.<\/p><p>\u00a0<\/p><p><strong>La antena plana: discreta y accesible<\/strong><\/p><p>\u00a0<\/p><p>Las instalaciones de televisi\u00f3n por sat\u00e9lite suelen ser criticadas por su falta de atractivo est\u00e9tico. Algunos administradores de comunidades de propietarios no dudan en prohibirlas, infringiendo as\u00ed la normativa sobre antenas parab\u00f3licas. En respuesta a este problema, ahora existen antenas planas, muy peque\u00f1as y con las mismas prestaciones que una antena parab\u00f3lica tradicional.<\/p><p>\u00a0<\/p><p>\u00a0<\/p>\t\t\t\t\t\t\t\t<\/div>\n\t\t\t\t<\/div>\n\t\t\t\t\t<\/div>\n\t\t<\/div>\n\t\t\t\t\t<\/div>\n\t\t<\/section>\n\t\t\t\t<section class=\"elementor-section elementor-top-section elementor-element elementor-element-2774815 elementor-section-boxed elementor-section-height-default elementor-section-height-default\" data-id=\"2774815\" data-element_type=\"section\" data-e-type=\"section\">\n\t\t\t\t\t\t<div class=\"elementor-container elementor-column-gap-default\">\n\t\t\t\t\t<div class=\"elementor-column elementor-col-100 elementor-top-column elementor-element elementor-element-86cbe69\" data-id=\"86cbe69\" data-element_type=\"column\" data-e-type=\"column\">\n\t\t\t<div class=\"elementor-widget-wrap elementor-element-populated\">\n\t\t\t\t\t\t<div class=\"elementor-element elementor-element-a651b22 elementor-align-center elementor-widget elementor-widget-button\" data-id=\"a651b22\" data-element_type=\"widget\" data-e-type=\"widget\" data-widget_type=\"button.default\">\n\t\t\t\t<div class=\"elementor-widget-container\">\n\t\t\t\t\t\t\t\t\t<div class=\"elementor-button-wrapper\">\n\t\t\t\t\t<a class=\"elementor-button elementor-button-link elementor-size-sm\" href=\"https:\/\/expatsinbrussels.be\/fr\/logement-et-connections-comment-faire\/television-par-satellite\">\n\t\t\t\t\t\t<span class=\"elementor-button-content-wrapper\">\n\t\t\t\t\t\t\t\t\t<span class=\"elementor-button-text\">Fuente<\/span>\n\t\t\t\t\t<\/span>\n\t\t\t\t\t<\/a>\n\t\t\t\t<\/div>\n\t\t\t\t\t\t\t\t<\/div>\n\t\t\t\t<\/div>\n\t\t\t\t\t<\/div>\n\t\t<\/div>\n\t\t\t\t\t<\/div>\n\t\t<\/section>\n\t\t\t\t<\/div>","protected":false},"featured_media":0,"template":"","categories_bruxelles":[35],"class_list":["post-3514","arcticles-bruxelles","type-arcticles-bruxelles","status-publish","hentry","categories_bruxelles-integration-bruxelles","entry"],"acf":[],"yoast_head":"<!-- This site is optimized with the Yoast SEO plugin v27.4 - https:\/\/yoast.com\/product\/yoast-seo-wordpress\/ -->\n<title>T\u00e9l\u00e9vision par satellite - Centre de sant\u00e9 le foyer<\/title>\n<meta name=\"robots\" content=\"index, follow, max-snippet:-1, max-image-preview:large, max-video-preview:-1\" \/>\n<link rel=\"canonical\" href=\"https:\/\/lefoyerxl.be\/es\/arcticles-bruxelles\/television-por-satelite\/\" \/>\n<meta property=\"og:locale\" content=\"es_ES\" \/>\n<meta property=\"og:type\" content=\"article\" \/>\n<meta property=\"og:title\" content=\"T\u00e9l\u00e9vision par satellite - Centre de sant\u00e9 le foyer\" \/>\n<meta property=\"og:description\" content=\"T\u00e9l\u00e9vision par satellite : La t\u00e9l\u00e9vision par satellite constitue une&hellip; Seguir leyendo T\u00e9l\u00e9vision par satellite\" \/>\n<meta property=\"og:url\" content=\"https:\/\/lefoyerxl.be\/es\/arcticles-bruxelles\/television-por-satelite\/\" \/>\n<meta property=\"og:site_name\" content=\"Centre de sant\u00e9 le foyer\" \/>\n<meta property=\"article:modified_time\" content=\"2022-09-16T04:15:51+00:00\" \/>\n<meta name=\"twitter:card\" content=\"summary_large_image\" \/>\n<meta name=\"twitter:label1\" content=\"Tiempo de lectura\" \/>\n\t<meta name=\"twitter:data1\" content=\"1 minuto\" \/>\n<script type=\"application\/ld+json\" class=\"yoast-schema-graph\">{\"@context\":\"https:\\\/\\\/schema.org\",\"@graph\":[{\"@type\":\"WebPage\",\"@id\":\"https:\\\/\\\/lefoyerxl.be\\\/arcticles-bruxelles\\\/television-par-satellite\\\/\",\"url\":\"https:\\\/\\\/lefoyerxl.be\\\/arcticles-bruxelles\\\/television-par-satellite\\\/\",\"name\":\"T\u00e9l\u00e9vision par satellite - Centre de sant\u00e9 le foyer\",\"isPartOf\":{\"@id\":\"https:\\\/\\\/lefoyerxl.be\\\/#website\"},\"datePublished\":\"2022-09-16T03:39:52+00:00\",\"dateModified\":\"2022-09-16T04:15:51+00:00\",\"breadcrumb\":{\"@id\":\"https:\\\/\\\/lefoyerxl.be\\\/arcticles-bruxelles\\\/television-par-satellite\\\/#breadcrumb\"},\"inLanguage\":\"es\",\"potentialAction\":[{\"@type\":\"ReadAction\",\"target\":[\"https:\\\/\\\/lefoyerxl.be\\\/arcticles-bruxelles\\\/television-par-satellite\\\/\"]}]},{\"@type\":\"BreadcrumbList\",\"@id\":\"https:\\\/\\\/lefoyerxl.be\\\/arcticles-bruxelles\\\/television-par-satellite\\\/#breadcrumb\",\"itemListElement\":[{\"@type\":\"ListItem\",\"position\":1,\"name\":\"Accueil\",\"item\":\"https:\\\/\\\/lefoyerxl.be\\\/\"},{\"@type\":\"ListItem\",\"position\":2,\"name\":\"Articles Bruxelles\",\"item\":\"https:\\\/\\\/lefoyerxl.be\\\/articles-bruxelles\\\/\"},{\"@type\":\"ListItem\",\"position\":3,\"name\":\"T\u00e9l\u00e9vision par satellite\"}]},{\"@type\":\"WebSite\",\"@id\":\"https:\\\/\\\/lefoyerxl.be\\\/#website\",\"url\":\"https:\\\/\\\/lefoyerxl.be\\\/\",\"name\":\"Centre de sant\u00e9 le foyer\",\"description\":\"\",\"publisher\":{\"@id\":\"https:\\\/\\\/lefoyerxl.be\\\/#organization\"},\"potentialAction\":[{\"@type\":\"SearchAction\",\"target\":{\"@type\":\"EntryPoint\",\"urlTemplate\":\"https:\\\/\\\/lefoyerxl.be\\\/?s={search_term_string}\"},\"query-input\":{\"@type\":\"PropertyValueSpecification\",\"valueRequired\":true,\"valueName\":\"search_term_string\"}}],\"inLanguage\":\"es\"},{\"@type\":\"Organization\",\"@id\":\"https:\\\/\\\/lefoyerxl.be\\\/#organization\",\"name\":\"Centre de sant\u00e9 le foyer\",\"url\":\"https:\\\/\\\/lefoyerxl.be\\\/\",\"logo\":{\"@type\":\"ImageObject\",\"inLanguage\":\"es\",\"@id\":\"https:\\\/\\\/lefoyerxl.be\\\/#\\\/schema\\\/logo\\\/image\\\/\",\"url\":\"https:\\\/\\\/lefoyerxl.be\\\/wp-content\\\/uploads\\\/2022\\\/05\\\/Logo_Centre_de_sante_Le_Foyer_72dpi.png\",\"contentUrl\":\"https:\\\/\\\/lefoyerxl.be\\\/wp-content\\\/uploads\\\/2022\\\/05\\\/Logo_Centre_de_sante_Le_Foyer_72dpi.png\",\"width\":800,\"height\":620,\"caption\":\"Centre de sant\u00e9 le foyer\"},\"image\":{\"@id\":\"https:\\\/\\\/lefoyerxl.be\\\/#\\\/schema\\\/logo\\\/image\\\/\"}}]}<\/script>\n<!-- \/ Yoast SEO plugin. -->","yoast_head_json":{"title":"Televisi\u00f3n por sat\u00e9lite - Health centre le foyer","robots":{"index":"index","follow":"follow","max-snippet":"max-snippet:-1","max-image-preview":"max-image-preview:large","max-video-preview":"max-video-preview:-1"},"canonical":"https:\/\/lefoyerxl.be\/es\/arcticles-bruxelles\/television-por-satelite\/","og_locale":"es_ES","og_type":"article","og_title":"T\u00e9l\u00e9vision par satellite - Centre de sant\u00e9 le foyer","og_description":"T\u00e9l\u00e9vision par satellite : La t\u00e9l\u00e9vision par satellite constitue une&hellip; Seguir leyendo T\u00e9l\u00e9vision par satellite","og_url":"https:\/\/lefoyerxl.be\/es\/arcticles-bruxelles\/television-por-satelite\/","og_site_name":"Centre de sant\u00e9 le foyer","article_modified_time":"2022-09-16T04:15:51+00:00","twitter_card":"summary_large_image","twitter_misc":{"Tiempo de lectura":"1 minuto"},"schema":{"@context":"https:\/\/schema.org","@graph":[{"@type":"WebPage","@id":"https:\/\/lefoyerxl.be\/arcticles-bruxelles\/television-par-satellite\/","url":"https:\/\/lefoyerxl.be\/arcticles-bruxelles\/television-par-satellite\/","name":"Televisi\u00f3n por sat\u00e9lite - Health centre le foyer","isPartOf":{"@id":"https:\/\/lefoyerxl.be\/#website"},"datePublished":"2022-09-16T03:39:52+00:00","dateModified":"2022-09-16T04:15:51+00:00","breadcrumb":{"@id":"https:\/\/lefoyerxl.be\/arcticles-bruxelles\/television-par-satellite\/#breadcrumb"},"inLanguage":"es","potentialAction":[{"@type":"ReadAction","target":["https:\/\/lefoyerxl.be\/arcticles-bruxelles\/television-par-satellite\/"]}]},{"@type":"BreadcrumbList","@id":"https:\/\/lefoyerxl.be\/arcticles-bruxelles\/television-par-satellite\/#breadcrumb","itemListElement":[{"@type":"ListItem","position":1,"name":"Accueil","item":"https:\/\/lefoyerxl.be\/"},{"@type":"ListItem","position":2,"name":"Articles Bruxelles","item":"https:\/\/lefoyerxl.be\/articles-bruxelles\/"},{"@type":"ListItem","position":3,"name":"T\u00e9l\u00e9vision par satellite"}]},{"@type":"WebSite","@id":"https:\/\/lefoyerxl.be\/#website","url":"https:\/\/lefoyerxl.be\/","name":"Centro de salud le foyer","description":"","publisher":{"@id":"https:\/\/lefoyerxl.be\/#organization"},"potentialAction":[{"@type":"SearchAction","target":{"@type":"EntryPoint","urlTemplate":"https:\/\/lefoyerxl.be\/?s={search_term_string}"},"query-input":{"@type":"PropertyValueSpecification","valueRequired":true,"valueName":"search_term_string"}}],"inLanguage":"es"},{"@type":"Organization","@id":"https:\/\/lefoyerxl.be\/#organization","name":"Centro de salud le foyer","url":"https:\/\/lefoyerxl.be\/","logo":{"@type":"ImageObject","inLanguage":"es","@id":"https:\/\/lefoyerxl.be\/#\/schema\/logo\/image\/","url":"https:\/\/lefoyerxl.be\/wp-content\/uploads\/2022\/05\/Logo_Centre_de_sante_Le_Foyer_72dpi.png","contentUrl":"https:\/\/lefoyerxl.be\/wp-content\/uploads\/2022\/05\/Logo_Centre_de_sante_Le_Foyer_72dpi.png","width":800,"height":620,"caption":"Centre de sant\u00e9 le foyer"},"image":{"@id":"https:\/\/lefoyerxl.be\/#\/schema\/logo\/image\/"}}]}},"_links":{"self":[{"href":"https:\/\/lefoyerxl.be\/es\/wp-json\/wp\/v2\/arcticles-bruxelles\/3514","targetHints":{"allow":["GET"]}}],"collection":[{"href":"https:\/\/lefoyerxl.be\/es\/wp-json\/wp\/v2\/arcticles-bruxelles"}],"about":[{"href":"https:\/\/lefoyerxl.be\/es\/wp-json\/wp\/v2\/types\/arcticles-bruxelles"}],"version-history":[{"count":11,"href":"https:\/\/lefoyerxl.be\/es\/wp-json\/wp\/v2\/arcticles-bruxelles\/3514\/revisions"}],"predecessor-version":[{"id":3547,"href":"https:\/\/lefoyerxl.be\/es\/wp-json\/wp\/v2\/arcticles-bruxelles\/3514\/revisions\/3547"}],"wp:attachment":[{"href":"https:\/\/lefoyerxl.be\/es\/wp-json\/wp\/v2\/media?parent=3514"}],"wp:term":[{"taxonomy":"categories_bruxelles","embeddable":true,"href":"https:\/\/lefoyerxl.be\/es\/wp-json\/wp\/v2\/categories_bruxelles?post=3514"}],"curies":[{"name":"wp","href":"https:\/\/api.w.org\/{rel}","templated":true}]}}

Televisión por satélite

<div data-elementor-type="wp-post" data-elementor-id="3514" class="elementor elementor-3514" data-elementor-post-type="arcticles-bruxelles">
						<section class="elementor-section elementor-top-section elementor-element elementor-element-8d9efea elementor-section-boxed elementor-section-height-default elementor-section-height-default" data-id="8d9efea" data-element_type="section" data-e-type="section">
						<div class="elementor-container elementor-column-gap-default">
					<div class="elementor-column elementor-col-100 elementor-top-column elementor-element elementor-element-98fc8e5" data-id="98fc8e5" data-element_type="column" data-e-type="column">
			<div class="elementor-widget-wrap elementor-element-populated">
						<div class="elementor-element elementor-element-7cdd6fd elementor-widget elementor-widget-text-editor" data-id="7cdd6fd" data-element_type="widget" data-e-type="widget" data-widget_type="text-editor.default">
				<div class="elementor-widget-container">
									<h2><span style="text-decoration: underline;"><strong>Televisión por satélite :</strong></span></h2><p> </p><p>La televisión por satélite es una alternativa para los extranjeros. En Bélgica es posible apuntar a todos los satélites de Europa mediante una antena parabólica. Es posible abonarse a los siguientes servicios:</p><p> </p><p>Canalsat/Canal+ (Francia), Canal Digitaal (Países Bajos), Digital+ (España), Digiturk (Turquía), NC+ (Polonia), Nova (Bulgaria), ORF (Austria), Sky Deutschland (Alemania), Sky Italy (Italia), Sky UK (Reino Unido), SRG SSR (Suiza), Tivusat (Italia), TNTSAT (Francia), TVR (Rumanía), etc.</p><p> </p><p><strong>La antena plana: discreta y accesible</strong></p><p> </p><p>Las instalaciones de televisión por satélite suelen ser criticadas por su falta de atractivo estético. Algunos administradores de comunidades de propietarios no dudan en prohibirlas, infringiendo así la normativa sobre antenas parabólicas. En respuesta a este problema, ahora existen antenas planas, muy pequeñas y con las mismas prestaciones que una antena parabólica tradicional.</p><p> </p><p> </p>								</div>
				</div>
					</div>
		</div>
					</div>
		</section>
				<section class="elementor-section elementor-top-section elementor-element elementor-element-2774815 elementor-section-boxed elementor-section-height-default elementor-section-height-default" data-id="2774815" data-element_type="section" data-e-type="section">
						<div class="elementor-container elementor-column-gap-default">
					<div class="elementor-column elementor-col-100 elementor-top-column elementor-element elementor-element-86cbe69" data-id="86cbe69" data-element_type="column" data-e-type="column">
			<div class="elementor-widget-wrap elementor-element-populated">
						<div class="elementor-element elementor-element-a651b22 elementor-align-center elementor-widget elementor-widget-button" data-id="a651b22" data-element_type="widget" data-e-type="widget" data-widget_type="button.default">
				<div class="elementor-widget-container">
									<div class="elementor-button-wrapper">
					<a class="elementor-button elementor-button-link elementor-size-sm" href="https://expatsinbrussels.be/fr/logement-et-connections-comment-faire/television-par-satellite">
						<span class="elementor-button-content-wrapper">
									<span class="elementor-button-text">Fuente</span>
					</span>
					</a>
				</div>
								</div>
				</div>
					</div>
		</div>
					</div>
		</section>
				</div>

<!-- This site is optimized with the Yoast SEO plugin v27.4 - https://yoast.com/product/yoast-seo-wordpress/ -->
<title>Télévision par satellite - Centre de santé le foyer</title>
<meta name="robots" content="index, follow, max-snippet:-1, max-image-preview:large, max-video-preview:-1" />
<link rel="canonical" href="https://lefoyerxl.be/es/arcticles-bruxelles/television-por-satelite/" />
<meta property="og:locale" content="es_ES" />
<meta property="og:type" content="article" />
<meta property="og:title" content="Télévision par satellite - Centre de santé le foyer" />
<meta property="og:description" content="Télévision par satellite : La télévision par satellite constitue une&hellip; Seguir leyendo Télévision par satellite" />
<meta property="og:url" content="https://lefoyerxl.be/es/arcticles-bruxelles/television-por-satelite/" />
<meta property="og:site_name" content="Centre de santé le foyer" />
<meta property="article:modified_time" content="2022-09-16T04:15:51+00:00" />
<meta name="twitter:card" content="summary_large_image" />
<meta name="twitter:label1" content="Tiempo de lectura" />
	<meta name="twitter:data1" content="1 minuto" />
<script type="application/ld+json" class="yoast-schema-graph">{"@context":"https:\/\/schema.org","@graph":[{"@type":"WebPage","@id":"https:\/\/lefoyerxl.be\/arcticles-bruxelles\/television-par-satellite\/","url":"https:\/\/lefoyerxl.be\/arcticles-bruxelles\/television-par-satellite\/","name":"Télévision par satellite - Centre de santé le foyer","isPartOf":{"@id":"https:\/\/lefoyerxl.be\/#website"},"datePublished":"2022-09-16T03:39:52+00:00","dateModified":"2022-09-16T04:15:51+00:00","breadcrumb":{"@id":"https:\/\/lefoyerxl.be\/arcticles-bruxelles\/television-par-satellite\/#breadcrumb"},"inLanguage":"es","potentialAction":[{"@type":"ReadAction","target":["https:\/\/lefoyerxl.be\/arcticles-bruxelles\/television-par-satellite\/"]}]},{"@type":"BreadcrumbList","@id":"https:\/\/lefoyerxl.be\/arcticles-bruxelles\/television-par-satellite\/#breadcrumb","itemListElement":[{"@type":"ListItem","position":1,"name":"Accueil","item":"https:\/\/lefoyerxl.be\/"},{"@type":"ListItem","position":2,"name":"Articles Bruxelles","item":"https:\/\/lefoyerxl.be\/articles-bruxelles\/"},{"@type":"ListItem","position":3,"name":"Télévision par satellite"}]},{"@type":"WebSite","@id":"https:\/\/lefoyerxl.be\/#website","url":"https:\/\/lefoyerxl.be\/","name":"Centre de santé le foyer","description":"","publisher":{"@id":"https:\/\/lefoyerxl.be\/#organization"},"potentialAction":[{"@type":"SearchAction","target":{"@type":"EntryPoint","urlTemplate":"https:\/\/lefoyerxl.be\/?s={search_term_string}"},"query-input":{"@type":"PropertyValueSpecification","valueRequired":true,"valueName":"search_term_string"}}],"inLanguage":"es"},{"@type":"Organization","@id":"https:\/\/lefoyerxl.be\/#organization","name":"Centre de santé le foyer","url":"https:\/\/lefoyerxl.be\/","logo":{"@type":"ImageObject","inLanguage":"es","@id":"https:\/\/lefoyerxl.be\/#\/schema\/logo\/image\/","url":"https:\/\/lefoyerxl.be\/wp-content\/uploads\/2022\/05\/Logo_Centre_de_sante_Le_Foyer_72dpi.png","contentUrl":"https:\/\/lefoyerxl.be\/wp-content\/uploads\/2022\/05\/Logo_Centre_de_sante_Le_Foyer_72dpi.png","width":800,"height":620,"caption":"Centre de santé le foyer"},"image":{"@id":"https:\/\/lefoyerxl.be\/#\/schema\/logo\/image\/"}}]}</script>
<!-- / Yoast SEO plugin. -->

Televisión por satélite - Health centre le foyer

Télévision par satellite - Centre de santé le foyer

Télévision par satellite : La télévision par satellite constitue une&hellip; Seguir leyendo Télévision par satellite

Centre de santé le foyer

Télévision par satellite
