{"id":3383,"date":"2022-09-04T02:24:05","date_gmt":"2022-09-04T00:24:05","guid":{"rendered":"https:\/\/lefoyerxl.be\/?post_type=arcticles-bruxelles&#038;p=3383"},"modified":"2022-09-04T02:33:17","modified_gmt":"2022-09-04T00:33:17","slug":"demenagement","status":"publish","type":"arcticles-bruxelles","link":"https:\/\/lefoyerxl.be\/es\/arcticles-bruxelles\/mudanza\/","title":{"rendered":"En movimiento"},"content":{"rendered":"<div data-elementor-type=\"wp-post\" data-elementor-id=\"3383\" class=\"elementor elementor-3383\" data-elementor-post-type=\"arcticles-bruxelles\">\n\t\t\t\t\t\t<section class=\"elementor-section elementor-top-section elementor-element elementor-element-c495c42 elementor-section-boxed elementor-section-height-default elementor-section-height-default\" data-id=\"c495c42\" data-element_type=\"section\" data-e-type=\"section\">\n\t\t\t\t\t\t<div class=\"elementor-container elementor-column-gap-default\">\n\t\t\t\t\t<div class=\"elementor-column elementor-col-100 elementor-top-column elementor-element elementor-element-a67a9ea\" data-id=\"a67a9ea\" data-element_type=\"column\" data-e-type=\"column\">\n\t\t\t<div class=\"elementor-widget-wrap elementor-element-populated\">\n\t\t\t\t\t\t<div class=\"elementor-element elementor-element-f313d47 elementor-widget elementor-widget-text-editor\" data-id=\"f313d47\" data-element_type=\"widget\" data-e-type=\"widget\" data-widget_type=\"text-editor.default\">\n\t\t\t\t<div class=\"elementor-widget-container\">\n\t\t\t\t\t\t\t\t\t<p>Anote los da\u00f1os y pida al jefe de equipo que ponga sus iniciales. No firme un acuse de recibo de la mudanza sin antes firmar las siguientes palabras: \"sujeto a verificaci\u00f3n de p\u00e9rdidas o da\u00f1os\". Ordenar lo que queda y lo que se va. A veces hay que desprenderse de los recuerdos y embalar decenas de cajas. La expatriaci\u00f3n es un famoso reto, pero tambi\u00e9n un famoso estr\u00e9s. Por eso, para hacerlo con tranquilidad, recurra a una empresa de mudanzas acostumbrada a embalajes s\u00f3lidos y largos transportes internacionales. En dos palabras: profesionales de la expatriaci\u00f3n.<\/p><p>\u00a0<\/p><p>\u00a1Un \u00e9xito!<\/p><p>\u00a0<\/p><ol><li><p>Todas sus pertenencias est\u00e1n aseguradas por su valor de reposici\u00f3n.<\/p><\/li><li><p>El agua y la electricidad est\u00e1n operativas.<\/p><\/li><li><p>Muestre al equipo la casa de arriba abajo y, si es necesario, coloque carteles en las puertas con el nombre de cada habitaci\u00f3n en el idioma que entienda el equipo (la mayor\u00eda de las empresas de mudanzas hablan ingl\u00e9s).<\/p><\/li><li><p>El equipo de mudanzas no debe superar las 4 personas. Corre el riesgo de verse desbordado si son m\u00e1s.<\/p><\/li><li><p>Te tomas el tiempo necesario para explicar lo que quieres.<\/p><\/li><li><p>Usted supervisa a sus hijos.<\/p><\/li><li><p>Usted proporciona la comida y la bebida. Ofrezca algo de beber a los miembros del equipo, se lo agradecer\u00e1n mucho.<\/p><\/li><li><p>Aseg\u00farate de que TODO est\u00e1 desembalado y de que las cajas, cartones y papeles est\u00e1n limpios antes de que se vayan los de la mudanza.<\/p><\/li><li><p>Anote los da\u00f1os y pida al jefe de equipo que ponga sus iniciales. No firme un acuse de recibo del traslado sin firmar antes las siguientes palabras: \"sujeto a verificaci\u00f3n de p\u00e9rdidas o da\u00f1os\".<\/p><\/li><li><p>No olvides la propina.<\/p><\/li><\/ol><p>\u00a0<\/p><p>Para evitar muchas complicaciones, recurra a una empresa de mudanzas acostumbrada a las mudanzas internacionales.<\/p><p>\u00a0<\/p><p><strong>Es bueno saberlo<\/strong><\/p><p>\u00a0<\/p><p>Un consejo:<\/p><p><br \/>No olvide reservar una plaza de aparcamiento delante de su edificio para el cami\u00f3n de mudanzas. Solic\u00edtalo a tu ayuntamiento unos d\u00edas antes de la mudanza.<\/p><p>\u00a0<\/p>\t\t\t\t\t\t\t\t<\/div>\n\t\t\t\t<\/div>\n\t\t\t\t\t<\/div>\n\t\t<\/div>\n\t\t\t\t\t<\/div>\n\t\t<\/section>\n\t\t\t\t<section class=\"elementor-section elementor-top-section elementor-element elementor-element-11040ef elementor-section-boxed elementor-section-height-default elementor-section-height-default\" data-id=\"11040ef\" data-element_type=\"section\" data-e-type=\"section\">\n\t\t\t\t\t\t<div class=\"elementor-container elementor-column-gap-default\">\n\t\t\t\t\t<div class=\"elementor-column elementor-col-100 elementor-top-column elementor-element elementor-element-93aaeae\" data-id=\"93aaeae\" data-element_type=\"column\" data-e-type=\"column\">\n\t\t\t<div class=\"elementor-widget-wrap\">\n\t\t\t\t\t\t\t<\/div>\n\t\t<\/div>\n\t\t\t\t\t<\/div>\n\t\t<\/section>\n\t\t\t\t<section class=\"elementor-section elementor-top-section elementor-element elementor-element-62f92a4 elementor-section-boxed elementor-section-height-default elementor-section-height-default\" data-id=\"62f92a4\" data-element_type=\"section\" data-e-type=\"section\">\n\t\t\t\t\t\t<div class=\"elementor-container elementor-column-gap-default\">\n\t\t\t\t\t<div class=\"elementor-column elementor-col-100 elementor-top-column elementor-element elementor-element-7c9a942\" data-id=\"7c9a942\" data-element_type=\"column\" data-e-type=\"column\">\n\t\t\t<div class=\"elementor-widget-wrap elementor-element-populated\">\n\t\t\t\t\t\t<div class=\"elementor-element elementor-element-0d33ba2 elementor-align-center elementor-widget elementor-widget-button\" data-id=\"0d33ba2\" data-element_type=\"widget\" data-e-type=\"widget\" data-widget_type=\"button.default\">\n\t\t\t\t<div class=\"elementor-widget-container\">\n\t\t\t\t\t\t\t\t\t<div class=\"elementor-button-wrapper\">\n\t\t\t\t\t<a class=\"elementor-button elementor-button-link elementor-size-sm\" href=\"#\">\n\t\t\t\t\t\t<span class=\"elementor-button-content-wrapper\">\n\t\t\t\t\t\t\t\t\t<span class=\"elementor-button-text\">Enlace \u00fatil<\/span>\n\t\t\t\t\t<\/span>\n\t\t\t\t\t<\/a>\n\t\t\t\t<\/div>\n\t\t\t\t\t\t\t\t<\/div>\n\t\t\t\t<\/div>\n\t\t\t\t\t<\/div>\n\t\t<\/div>\n\t\t\t\t\t<\/div>\n\t\t<\/section>\n\t\t\t\t<\/div>","protected":false},"featured_media":0,"template":"","categories_bruxelles":[35],"class_list":["post-3383","arcticles-bruxelles","type-arcticles-bruxelles","status-publish","hentry","categories_bruxelles-integration-bruxelles","entry"],"acf":[],"yoast_head":"<!-- This site is optimized with the Yoast SEO plugin v27.4 - https:\/\/yoast.com\/product\/yoast-seo-wordpress\/ -->\n<title>D\u00e9m\u00e9nagement - Centre de sant\u00e9 le foyer<\/title>\n<meta name=\"robots\" content=\"index, follow, max-snippet:-1, max-image-preview:large, max-video-preview:-1\" \/>\n<link rel=\"canonical\" href=\"https:\/\/lefoyerxl.be\/es\/arcticles-bruxelles\/mudanza\/\" \/>\n<meta property=\"og:locale\" content=\"es_ES\" \/>\n<meta property=\"og:type\" content=\"article\" \/>\n<meta property=\"og:title\" content=\"D\u00e9m\u00e9nagement - Centre de sant\u00e9 le foyer\" \/>\n<meta property=\"og:description\" content=\"Prenez note des d\u00e9g\u00e2ts \u00e9ventuels et demandez le paraphe du&hellip; Seguir leyendo D\u00e9m\u00e9nagement\" \/>\n<meta property=\"og:url\" content=\"https:\/\/lefoyerxl.be\/es\/arcticles-bruxelles\/mudanza\/\" \/>\n<meta property=\"og:site_name\" content=\"Centre de sant\u00e9 le foyer\" \/>\n<meta property=\"article:modified_time\" content=\"2022-09-04T00:33:17+00:00\" \/>\n<meta name=\"twitter:card\" content=\"summary_large_image\" \/>\n<meta name=\"twitter:label1\" content=\"Tiempo de lectura\" \/>\n\t<meta name=\"twitter:data1\" content=\"2 minutos\" \/>\n<script type=\"application\/ld+json\" class=\"yoast-schema-graph\">{\"@context\":\"https:\\\/\\\/schema.org\",\"@graph\":[{\"@type\":\"WebPage\",\"@id\":\"https:\\\/\\\/lefoyerxl.be\\\/arcticles-bruxelles\\\/demenagement\\\/\",\"url\":\"https:\\\/\\\/lefoyerxl.be\\\/arcticles-bruxelles\\\/demenagement\\\/\",\"name\":\"D\u00e9m\u00e9nagement - Centre de sant\u00e9 le foyer\",\"isPartOf\":{\"@id\":\"https:\\\/\\\/lefoyerxl.be\\\/#website\"},\"datePublished\":\"2022-09-04T00:24:05+00:00\",\"dateModified\":\"2022-09-04T00:33:17+00:00\",\"breadcrumb\":{\"@id\":\"https:\\\/\\\/lefoyerxl.be\\\/arcticles-bruxelles\\\/demenagement\\\/#breadcrumb\"},\"inLanguage\":\"es\",\"potentialAction\":[{\"@type\":\"ReadAction\",\"target\":[\"https:\\\/\\\/lefoyerxl.be\\\/arcticles-bruxelles\\\/demenagement\\\/\"]}]},{\"@type\":\"BreadcrumbList\",\"@id\":\"https:\\\/\\\/lefoyerxl.be\\\/arcticles-bruxelles\\\/demenagement\\\/#breadcrumb\",\"itemListElement\":[{\"@type\":\"ListItem\",\"position\":1,\"name\":\"Accueil\",\"item\":\"https:\\\/\\\/lefoyerxl.be\\\/\"},{\"@type\":\"ListItem\",\"position\":2,\"name\":\"Articles Bruxelles\",\"item\":\"https:\\\/\\\/lefoyerxl.be\\\/articles-bruxelles\\\/\"},{\"@type\":\"ListItem\",\"position\":3,\"name\":\"D\u00e9m\u00e9nagement\"}]},{\"@type\":\"WebSite\",\"@id\":\"https:\\\/\\\/lefoyerxl.be\\\/#website\",\"url\":\"https:\\\/\\\/lefoyerxl.be\\\/\",\"name\":\"Centre de sant\u00e9 le foyer\",\"description\":\"\",\"publisher\":{\"@id\":\"https:\\\/\\\/lefoyerxl.be\\\/#organization\"},\"potentialAction\":[{\"@type\":\"SearchAction\",\"target\":{\"@type\":\"EntryPoint\",\"urlTemplate\":\"https:\\\/\\\/lefoyerxl.be\\\/?s={search_term_string}\"},\"query-input\":{\"@type\":\"PropertyValueSpecification\",\"valueRequired\":true,\"valueName\":\"search_term_string\"}}],\"inLanguage\":\"es\"},{\"@type\":\"Organization\",\"@id\":\"https:\\\/\\\/lefoyerxl.be\\\/#organization\",\"name\":\"Centre de sant\u00e9 le foyer\",\"url\":\"https:\\\/\\\/lefoyerxl.be\\\/\",\"logo\":{\"@type\":\"ImageObject\",\"inLanguage\":\"es\",\"@id\":\"https:\\\/\\\/lefoyerxl.be\\\/#\\\/schema\\\/logo\\\/image\\\/\",\"url\":\"https:\\\/\\\/lefoyerxl.be\\\/wp-content\\\/uploads\\\/2022\\\/05\\\/Logo_Centre_de_sante_Le_Foyer_72dpi.png\",\"contentUrl\":\"https:\\\/\\\/lefoyerxl.be\\\/wp-content\\\/uploads\\\/2022\\\/05\\\/Logo_Centre_de_sante_Le_Foyer_72dpi.png\",\"width\":800,\"height\":620,\"caption\":\"Centre de sant\u00e9 le foyer\"},\"image\":{\"@id\":\"https:\\\/\\\/lefoyerxl.be\\\/#\\\/schema\\\/logo\\\/image\\\/\"}}]}<\/script>\n<!-- \/ Yoast SEO plugin. -->","yoast_head_json":{"title":"Traslado - Centre de sant\u00e9 le foyer","robots":{"index":"index","follow":"follow","max-snippet":"max-snippet:-1","max-image-preview":"max-image-preview:large","max-video-preview":"max-video-preview:-1"},"canonical":"https:\/\/lefoyerxl.be\/es\/arcticles-bruxelles\/mudanza\/","og_locale":"es_ES","og_type":"article","og_title":"D\u00e9m\u00e9nagement - Centre de sant\u00e9 le foyer","og_description":"Prenez note des d\u00e9g\u00e2ts \u00e9ventuels et demandez le paraphe du&hellip; Seguir leyendo D\u00e9m\u00e9nagement","og_url":"https:\/\/lefoyerxl.be\/es\/arcticles-bruxelles\/mudanza\/","og_site_name":"Centre de sant\u00e9 le foyer","article_modified_time":"2022-09-04T00:33:17+00:00","twitter_card":"summary_large_image","twitter_misc":{"Tiempo de lectura":"2 minutos"},"schema":{"@context":"https:\/\/schema.org","@graph":[{"@type":"WebPage","@id":"https:\/\/lefoyerxl.be\/arcticles-bruxelles\/demenagement\/","url":"https:\/\/lefoyerxl.be\/arcticles-bruxelles\/demenagement\/","name":"Traslado - Centre de sant\u00e9 le foyer","isPartOf":{"@id":"https:\/\/lefoyerxl.be\/#website"},"datePublished":"2022-09-04T00:24:05+00:00","dateModified":"2022-09-04T00:33:17+00:00","breadcrumb":{"@id":"https:\/\/lefoyerxl.be\/arcticles-bruxelles\/demenagement\/#breadcrumb"},"inLanguage":"es","potentialAction":[{"@type":"ReadAction","target":["https:\/\/lefoyerxl.be\/arcticles-bruxelles\/demenagement\/"]}]},{"@type":"BreadcrumbList","@id":"https:\/\/lefoyerxl.be\/arcticles-bruxelles\/demenagement\/#breadcrumb","itemListElement":[{"@type":"ListItem","position":1,"name":"Accueil","item":"https:\/\/lefoyerxl.be\/"},{"@type":"ListItem","position":2,"name":"Articles Bruxelles","item":"https:\/\/lefoyerxl.be\/articles-bruxelles\/"},{"@type":"ListItem","position":3,"name":"D\u00e9m\u00e9nagement"}]},{"@type":"WebSite","@id":"https:\/\/lefoyerxl.be\/#website","url":"https:\/\/lefoyerxl.be\/","name":"Centro de salud le foyer","description":"","publisher":{"@id":"https:\/\/lefoyerxl.be\/#organization"},"potentialAction":[{"@type":"SearchAction","target":{"@type":"EntryPoint","urlTemplate":"https:\/\/lefoyerxl.be\/?s={search_term_string}"},"query-input":{"@type":"PropertyValueSpecification","valueRequired":true,"valueName":"search_term_string"}}],"inLanguage":"es"},{"@type":"Organization","@id":"https:\/\/lefoyerxl.be\/#organization","name":"Centro de salud le foyer","url":"https:\/\/lefoyerxl.be\/","logo":{"@type":"ImageObject","inLanguage":"es","@id":"https:\/\/lefoyerxl.be\/#\/schema\/logo\/image\/","url":"https:\/\/lefoyerxl.be\/wp-content\/uploads\/2022\/05\/Logo_Centre_de_sante_Le_Foyer_72dpi.png","contentUrl":"https:\/\/lefoyerxl.be\/wp-content\/uploads\/2022\/05\/Logo_Centre_de_sante_Le_Foyer_72dpi.png","width":800,"height":620,"caption":"Centre de sant\u00e9 le foyer"},"image":{"@id":"https:\/\/lefoyerxl.be\/#\/schema\/logo\/image\/"}}]}},"_links":{"self":[{"href":"https:\/\/lefoyerxl.be\/es\/wp-json\/wp\/v2\/arcticles-bruxelles\/3383","targetHints":{"allow":["GET"]}}],"collection":[{"href":"https:\/\/lefoyerxl.be\/es\/wp-json\/wp\/v2\/arcticles-bruxelles"}],"about":[{"href":"https:\/\/lefoyerxl.be\/es\/wp-json\/wp\/v2\/types\/arcticles-bruxelles"}],"version-history":[{"count":4,"href":"https:\/\/lefoyerxl.be\/es\/wp-json\/wp\/v2\/arcticles-bruxelles\/3383\/revisions"}],"predecessor-version":[{"id":3393,"href":"https:\/\/lefoyerxl.be\/es\/wp-json\/wp\/v2\/arcticles-bruxelles\/3383\/revisions\/3393"}],"wp:attachment":[{"href":"https:\/\/lefoyerxl.be\/es\/wp-json\/wp\/v2\/media?parent=3383"}],"wp:term":[{"taxonomy":"categories_bruxelles","embeddable":true,"href":"https:\/\/lefoyerxl.be\/es\/wp-json\/wp\/v2\/categories_bruxelles?post=3383"}],"curies":[{"name":"wp","href":"https:\/\/api.w.org\/{rel}","templated":true}]}}

<div data-elementor-type="wp-post" data-elementor-id="3383" class="elementor elementor-3383" data-elementor-post-type="arcticles-bruxelles">
						<section class="elementor-section elementor-top-section elementor-element elementor-element-c495c42 elementor-section-boxed elementor-section-height-default elementor-section-height-default" data-id="c495c42" data-element_type="section" data-e-type="section">
						<div class="elementor-container elementor-column-gap-default">
					<div class="elementor-column elementor-col-100 elementor-top-column elementor-element elementor-element-a67a9ea" data-id="a67a9ea" data-element_type="column" data-e-type="column">
			<div class="elementor-widget-wrap elementor-element-populated">
						<div class="elementor-element elementor-element-f313d47 elementor-widget elementor-widget-text-editor" data-id="f313d47" data-element_type="widget" data-e-type="widget" data-widget_type="text-editor.default">
				<div class="elementor-widget-container">
									<p>Anote los daños y pida al jefe de equipo que ponga sus iniciales. No firme un acuse de recibo de la mudanza sin antes firmar las siguientes palabras: "sujeto a verificación de pérdidas o daños". Ordenar lo que queda y lo que se va. A veces hay que desprenderse de los recuerdos y embalar decenas de cajas. La expatriación es un famoso reto, pero también un famoso estrés. Por eso, para hacerlo con tranquilidad, recurra a una empresa de mudanzas acostumbrada a embalajes sólidos y largos transportes internacionales. En dos palabras: profesionales de la expatriación.</p><p> </p><p>¡Un éxito!</p><p> </p><ol><li><p>Todas sus pertenencias están aseguradas por su valor de reposición.</p></li><li><p>El agua y la electricidad están operativas.</p></li><li><p>Muestre al equipo la casa de arriba abajo y, si es necesario, coloque carteles en las puertas con el nombre de cada habitación en el idioma que entienda el equipo (la mayoría de las empresas de mudanzas hablan inglés).</p></li><li><p>El equipo de mudanzas no debe superar las 4 personas. Corre el riesgo de verse desbordado si son más.</p></li><li><p>Te tomas el tiempo necesario para explicar lo que quieres.</p></li><li><p>Usted supervisa a sus hijos.</p></li><li><p>Usted proporciona la comida y la bebida. Ofrezca algo de beber a los miembros del equipo, se lo agradecerán mucho.</p></li><li><p>Asegúrate de que TODO está desembalado y de que las cajas, cartones y papeles están limpios antes de que se vayan los de la mudanza.</p></li><li><p>Anote los daños y pida al jefe de equipo que ponga sus iniciales. No firme un acuse de recibo del traslado sin firmar antes las siguientes palabras: "sujeto a verificación de pérdidas o daños".</p></li><li><p>No olvides la propina.</p></li></ol><p> </p><p>Para evitar muchas complicaciones, recurra a una empresa de mudanzas acostumbrada a las mudanzas internacionales.</p><p> </p><p><strong>Es bueno saberlo</strong></p><p> </p><p>Un consejo:</p><p><br />No olvide reservar una plaza de aparcamiento delante de su edificio para el camión de mudanzas. Solicítalo a tu ayuntamiento unos días antes de la mudanza.</p><p> </p>								</div>
				</div>
					</div>
		</div>
					</div>
		</section>
				<section class="elementor-section elementor-top-section elementor-element elementor-element-11040ef elementor-section-boxed elementor-section-height-default elementor-section-height-default" data-id="11040ef" data-element_type="section" data-e-type="section">
						<div class="elementor-container elementor-column-gap-default">
					<div class="elementor-column elementor-col-100 elementor-top-column elementor-element elementor-element-93aaeae" data-id="93aaeae" data-element_type="column" data-e-type="column">
			<div class="elementor-widget-wrap">
							</div>
		</div>
					</div>
		</section>
				<section class="elementor-section elementor-top-section elementor-element elementor-element-62f92a4 elementor-section-boxed elementor-section-height-default elementor-section-height-default" data-id="62f92a4" data-element_type="section" data-e-type="section">
						<div class="elementor-container elementor-column-gap-default">
					<div class="elementor-column elementor-col-100 elementor-top-column elementor-element elementor-element-7c9a942" data-id="7c9a942" data-element_type="column" data-e-type="column">
			<div class="elementor-widget-wrap elementor-element-populated">
						<div class="elementor-element elementor-element-0d33ba2 elementor-align-center elementor-widget elementor-widget-button" data-id="0d33ba2" data-element_type="widget" data-e-type="widget" data-widget_type="button.default">
				<div class="elementor-widget-container">
									<div class="elementor-button-wrapper">
					<a class="elementor-button elementor-button-link elementor-size-sm" href="#">
						<span class="elementor-button-content-wrapper">
									<span class="elementor-button-text">Enlace útil</span>
					</span>
					</a>
				</div>
								</div>
				</div>
					</div>
		</div>
					</div>
		</section>
				</div>

<!-- This site is optimized with the Yoast SEO plugin v27.4 - https://yoast.com/product/yoast-seo-wordpress/ -->
<title>Déménagement - Centre de santé le foyer</title>
<meta name="robots" content="index, follow, max-snippet:-1, max-image-preview:large, max-video-preview:-1" />
<link rel="canonical" href="https://lefoyerxl.be/es/arcticles-bruxelles/mudanza/" />
<meta property="og:locale" content="es_ES" />
<meta property="og:type" content="article" />
<meta property="og:title" content="Déménagement - Centre de santé le foyer" />
<meta property="og:description" content="Prenez note des dégâts éventuels et demandez le paraphe du&hellip; Seguir leyendo Déménagement" />
<meta property="og:url" content="https://lefoyerxl.be/es/arcticles-bruxelles/mudanza/" />
<meta property="og:site_name" content="Centre de santé le foyer" />
<meta property="article:modified_time" content="2022-09-04T00:33:17+00:00" />
<meta name="twitter:card" content="summary_large_image" />
<meta name="twitter:label1" content="Tiempo de lectura" />
	<meta name="twitter:data1" content="2 minutos" />
<script type="application/ld+json" class="yoast-schema-graph">{"@context":"https:\/\/schema.org","@graph":[{"@type":"WebPage","@id":"https:\/\/lefoyerxl.be\/arcticles-bruxelles\/demenagement\/","url":"https:\/\/lefoyerxl.be\/arcticles-bruxelles\/demenagement\/","name":"Déménagement - Centre de santé le foyer","isPartOf":{"@id":"https:\/\/lefoyerxl.be\/#website"},"datePublished":"2022-09-04T00:24:05+00:00","dateModified":"2022-09-04T00:33:17+00:00","breadcrumb":{"@id":"https:\/\/lefoyerxl.be\/arcticles-bruxelles\/demenagement\/#breadcrumb"},"inLanguage":"es","potentialAction":[{"@type":"ReadAction","target":["https:\/\/lefoyerxl.be\/arcticles-bruxelles\/demenagement\/"]}]},{"@type":"BreadcrumbList","@id":"https:\/\/lefoyerxl.be\/arcticles-bruxelles\/demenagement\/#breadcrumb","itemListElement":[{"@type":"ListItem","position":1,"name":"Accueil","item":"https:\/\/lefoyerxl.be\/"},{"@type":"ListItem","position":2,"name":"Articles Bruxelles","item":"https:\/\/lefoyerxl.be\/articles-bruxelles\/"},{"@type":"ListItem","position":3,"name":"Déménagement"}]},{"@type":"WebSite","@id":"https:\/\/lefoyerxl.be\/#website","url":"https:\/\/lefoyerxl.be\/","name":"Centre de santé le foyer","description":"","publisher":{"@id":"https:\/\/lefoyerxl.be\/#organization"},"potentialAction":[{"@type":"SearchAction","target":{"@type":"EntryPoint","urlTemplate":"https:\/\/lefoyerxl.be\/?s={search_term_string}"},"query-input":{"@type":"PropertyValueSpecification","valueRequired":true,"valueName":"search_term_string"}}],"inLanguage":"es"},{"@type":"Organization","@id":"https:\/\/lefoyerxl.be\/#organization","name":"Centre de santé le foyer","url":"https:\/\/lefoyerxl.be\/","logo":{"@type":"ImageObject","inLanguage":"es","@id":"https:\/\/lefoyerxl.be\/#\/schema\/logo\/image\/","url":"https:\/\/lefoyerxl.be\/wp-content\/uploads\/2022\/05\/Logo_Centre_de_sante_Le_Foyer_72dpi.png","contentUrl":"https:\/\/lefoyerxl.be\/wp-content\/uploads\/2022\/05\/Logo_Centre_de_sante_Le_Foyer_72dpi.png","width":800,"height":620,"caption":"Centre de santé le foyer"},"image":{"@id":"https:\/\/lefoyerxl.be\/#\/schema\/logo\/image\/"}}]}</script>
<!-- / Yoast SEO plugin. -->

Traslado - Centre de santé le foyer

Déménagement - Centre de santé le foyer

Prenez note des dégâts éventuels et demandez le paraphe du&hellip; Seguir leyendo Déménagement

Centre de santé le foyer

Déménagement
