{"id":3784,"date":"2022-11-08T02:24:55","date_gmt":"2022-11-08T01:24:55","guid":{"rendered":"https:\/\/lefoyerxl.be\/?post_type=communaute&#038;p=3784"},"modified":"2022-11-08T02:28:39","modified_gmt":"2022-11-08T01:28:39","slug":"chevrefeuille-asbl","status":"publish","type":"communaute","link":"https:\/\/lefoyerxl.be\/en\/communaute\/chevrefeuille-asbl\/","title":{"rendered":"Ch\u00e8vrefeuille Asbl"},"content":{"rendered":"<div data-elementor-type=\"wp-post\" data-elementor-id=\"3784\" class=\"elementor elementor-3784\" data-elementor-post-type=\"communaute\">\n\t\t\t\t\t\t<section class=\"elementor-section elementor-top-section elementor-element elementor-element-36e0d45 elementor-section-boxed elementor-section-height-default elementor-section-height-default\" data-id=\"36e0d45\" data-element_type=\"section\" data-e-type=\"section\">\n\t\t\t\t\t\t<div class=\"elementor-container elementor-column-gap-default\">\n\t\t\t\t\t<div class=\"elementor-column elementor-col-100 elementor-top-column elementor-element elementor-element-a9026d1\" data-id=\"a9026d1\" data-element_type=\"column\" data-e-type=\"column\">\n\t\t\t<div class=\"elementor-widget-wrap elementor-element-populated\">\n\t\t\t\t\t\t<div class=\"elementor-element elementor-element-a273735 elementor-widget elementor-widget-text-editor\" data-id=\"a273735\" data-element_type=\"widget\" data-e-type=\"widget\" data-widget_type=\"text-editor.default\">\n\t\t\t\t<div class=\"elementor-widget-container\">\n\t\t\t\t\t\t\t\t\t<p>Ch\u00e8vrefeuille welcomes mothers or mothers-to-be aged 15 or over and accompanied by children under 7 years old. This last limit can be exceeded in order not to separate siblings.<\/p><p><br \/>However, the limit is maintained for the most part in order to maintain the specificity of care for very young children and to maintain the difference between older children and younger mothers.<\/p><p>\u00a0<\/p><p>In the community house, the adult population is exclusively female.<\/p>\t\t\t\t\t\t\t\t<\/div>\n\t\t\t\t<\/div>\n\t\t\t\t\t<\/div>\n\t\t<\/div>\n\t\t\t\t\t<\/div>\n\t\t<\/section>\n\t\t\t\t<section class=\"elementor-section elementor-top-section elementor-element elementor-element-e962493 elementor-section-boxed elementor-section-height-default elementor-section-height-default\" data-id=\"e962493\" data-element_type=\"section\" data-e-type=\"section\">\n\t\t\t\t\t\t<div class=\"elementor-container elementor-column-gap-default\">\n\t\t\t\t\t<div class=\"elementor-column elementor-col-100 elementor-top-column elementor-element elementor-element-844ef3d\" data-id=\"844ef3d\" data-element_type=\"column\" data-e-type=\"column\">\n\t\t\t<div class=\"elementor-widget-wrap elementor-element-populated\">\n\t\t\t\t\t\t<div class=\"elementor-element elementor-element-8e09666 elementor-align-center elementor-widget elementor-widget-button\" data-id=\"8e09666\" data-element_type=\"widget\" data-e-type=\"widget\" data-widget_type=\"button.default\">\n\t\t\t\t<div class=\"elementor-widget-container\">\n\t\t\t\t\t\t\t\t\t<div class=\"elementor-button-wrapper\">\n\t\t\t\t\t<a class=\"elementor-button elementor-button-link elementor-size-sm\" href=\"https:\/\/chevrefeuille.be\/\">\n\t\t\t\t\t\t<span class=\"elementor-button-content-wrapper\">\n\t\t\t\t\t\t\t\t\t<span class=\"elementor-button-text\">Click here<\/span>\n\t\t\t\t\t<\/span>\n\t\t\t\t\t<\/a>\n\t\t\t\t<\/div>\n\t\t\t\t\t\t\t\t<\/div>\n\t\t\t\t<\/div>\n\t\t\t\t\t<\/div>\n\t\t<\/div>\n\t\t\t\t\t<\/div>\n\t\t<\/section>\n\t\t\t\t<\/div>","protected":false},"featured_media":3785,"parent":0,"menu_order":41,"template":"","class_list":["post-3784","communaute","type-communaute","status-publish","has-post-thumbnail","hentry","entry"],"acf":[],"yoast_head":"<!-- This site is optimized with the Yoast SEO plugin v27.4 - https:\/\/yoast.com\/product\/yoast-seo-wordpress\/ -->\n<title>Ch\u00e8vrefeuille Asbl - Centre de sant\u00e9 le foyer<\/title>\n<meta name=\"robots\" content=\"index, follow, max-snippet:-1, max-image-preview:large, max-video-preview:-1\" \/>\n<link rel=\"canonical\" href=\"https:\/\/lefoyerxl.be\/en\/communaute\/chevrefeuille-asbl\/\" \/>\n<meta property=\"og:locale\" content=\"en_GB\" \/>\n<meta property=\"og:type\" content=\"article\" \/>\n<meta property=\"og:title\" content=\"Ch\u00e8vrefeuille Asbl - Centre de sant\u00e9 le foyer\" \/>\n<meta property=\"og:description\" content=\"Ch\u00e8vrefeuille accueille des m\u00e8res ou futures m\u00e8res \u00e2g\u00e9es de 15&hellip; Continue reading Ch\u00e8vrefeuille Asbl\" \/>\n<meta property=\"og:url\" content=\"https:\/\/lefoyerxl.be\/en\/communaute\/chevrefeuille-asbl\/\" \/>\n<meta property=\"og:site_name\" content=\"Centre de sant\u00e9 le foyer\" \/>\n<meta property=\"article:modified_time\" content=\"2022-11-08T01:28:39+00:00\" \/>\n<meta property=\"og:image\" content=\"https:\/\/lefoyerxl.be\/wp-content\/uploads\/2022\/11\/Logo-Chevrefeuille-847x1024.png\" \/>\n\t<meta property=\"og:image:width\" content=\"847\" \/>\n\t<meta property=\"og:image:height\" content=\"1024\" \/>\n\t<meta property=\"og:image:type\" content=\"image\/png\" \/>\n<meta name=\"twitter:card\" content=\"summary_large_image\" \/>\n<meta name=\"twitter:label1\" content=\"Estimated reading time\" \/>\n\t<meta name=\"twitter:data1\" content=\"1 minute\" \/>\n<script type=\"application\/ld+json\" class=\"yoast-schema-graph\">{\"@context\":\"https:\\\/\\\/schema.org\",\"@graph\":[{\"@type\":\"WebPage\",\"@id\":\"https:\\\/\\\/lefoyerxl.be\\\/communaute\\\/chevrefeuille-asbl\\\/\",\"url\":\"https:\\\/\\\/lefoyerxl.be\\\/communaute\\\/chevrefeuille-asbl\\\/\",\"name\":\"Ch\u00e8vrefeuille Asbl - Centre de sant\u00e9 le foyer\",\"isPartOf\":{\"@id\":\"https:\\\/\\\/lefoyerxl.be\\\/#website\"},\"primaryImageOfPage\":{\"@id\":\"https:\\\/\\\/lefoyerxl.be\\\/communaute\\\/chevrefeuille-asbl\\\/#primaryimage\"},\"image\":{\"@id\":\"https:\\\/\\\/lefoyerxl.be\\\/communaute\\\/chevrefeuille-asbl\\\/#primaryimage\"},\"thumbnailUrl\":\"https:\\\/\\\/lefoyerxl.be\\\/wp-content\\\/uploads\\\/2022\\\/11\\\/Logo-Chevrefeuille.png\",\"datePublished\":\"2022-11-08T01:24:55+00:00\",\"dateModified\":\"2022-11-08T01:28:39+00:00\",\"breadcrumb\":{\"@id\":\"https:\\\/\\\/lefoyerxl.be\\\/communaute\\\/chevrefeuille-asbl\\\/#breadcrumb\"},\"inLanguage\":\"en-GB\",\"potentialAction\":[{\"@type\":\"ReadAction\",\"target\":[\"https:\\\/\\\/lefoyerxl.be\\\/communaute\\\/chevrefeuille-asbl\\\/\"]}]},{\"@type\":\"ImageObject\",\"inLanguage\":\"en-GB\",\"@id\":\"https:\\\/\\\/lefoyerxl.be\\\/communaute\\\/chevrefeuille-asbl\\\/#primaryimage\",\"url\":\"https:\\\/\\\/lefoyerxl.be\\\/wp-content\\\/uploads\\\/2022\\\/11\\\/Logo-Chevrefeuille.png\",\"contentUrl\":\"https:\\\/\\\/lefoyerxl.be\\\/wp-content\\\/uploads\\\/2022\\\/11\\\/Logo-Chevrefeuille.png\",\"width\":1095,\"height\":1324},{\"@type\":\"BreadcrumbList\",\"@id\":\"https:\\\/\\\/lefoyerxl.be\\\/communaute\\\/chevrefeuille-asbl\\\/#breadcrumb\",\"itemListElement\":[{\"@type\":\"ListItem\",\"position\":1,\"name\":\"Accueil\",\"item\":\"https:\\\/\\\/lefoyerxl.be\\\/\"},{\"@type\":\"ListItem\",\"position\":2,\"name\":\"Communaut\u00e9\",\"item\":\"https:\\\/\\\/lefoyerxl.be\\\/communaute\\\/\"},{\"@type\":\"ListItem\",\"position\":3,\"name\":\"Ch\u00e8vrefeuille Asbl\"}]},{\"@type\":\"WebSite\",\"@id\":\"https:\\\/\\\/lefoyerxl.be\\\/#website\",\"url\":\"https:\\\/\\\/lefoyerxl.be\\\/\",\"name\":\"Centre de sant\u00e9 le foyer\",\"description\":\"\",\"publisher\":{\"@id\":\"https:\\\/\\\/lefoyerxl.be\\\/#organization\"},\"potentialAction\":[{\"@type\":\"SearchAction\",\"target\":{\"@type\":\"EntryPoint\",\"urlTemplate\":\"https:\\\/\\\/lefoyerxl.be\\\/?s={search_term_string}\"},\"query-input\":{\"@type\":\"PropertyValueSpecification\",\"valueRequired\":true,\"valueName\":\"search_term_string\"}}],\"inLanguage\":\"en-GB\"},{\"@type\":\"Organization\",\"@id\":\"https:\\\/\\\/lefoyerxl.be\\\/#organization\",\"name\":\"Centre de sant\u00e9 le foyer\",\"url\":\"https:\\\/\\\/lefoyerxl.be\\\/\",\"logo\":{\"@type\":\"ImageObject\",\"inLanguage\":\"en-GB\",\"@id\":\"https:\\\/\\\/lefoyerxl.be\\\/#\\\/schema\\\/logo\\\/image\\\/\",\"url\":\"https:\\\/\\\/lefoyerxl.be\\\/wp-content\\\/uploads\\\/2022\\\/05\\\/Logo_Centre_de_sante_Le_Foyer_72dpi.png\",\"contentUrl\":\"https:\\\/\\\/lefoyerxl.be\\\/wp-content\\\/uploads\\\/2022\\\/05\\\/Logo_Centre_de_sante_Le_Foyer_72dpi.png\",\"width\":800,\"height\":620,\"caption\":\"Centre de sant\u00e9 le foyer\"},\"image\":{\"@id\":\"https:\\\/\\\/lefoyerxl.be\\\/#\\\/schema\\\/logo\\\/image\\\/\"}}]}<\/script>\n<!-- \/ Yoast SEO plugin. -->","yoast_head_json":{"title":"Ch\u00e8vrefeuille Asbl - Centre de sant\u00e9 le foyer","robots":{"index":"index","follow":"follow","max-snippet":"max-snippet:-1","max-image-preview":"max-image-preview:large","max-video-preview":"max-video-preview:-1"},"canonical":"https:\/\/lefoyerxl.be\/en\/communaute\/chevrefeuille-asbl\/","og_locale":"en_GB","og_type":"article","og_title":"Ch\u00e8vrefeuille Asbl - Centre de sant\u00e9 le foyer","og_description":"Ch\u00e8vrefeuille accueille des m\u00e8res ou futures m\u00e8res \u00e2g\u00e9es de 15&hellip; Continue reading Ch\u00e8vrefeuille Asbl","og_url":"https:\/\/lefoyerxl.be\/en\/communaute\/chevrefeuille-asbl\/","og_site_name":"Centre de sant\u00e9 le foyer","article_modified_time":"2022-11-08T01:28:39+00:00","og_image":[{"width":847,"height":1024,"url":"https:\/\/lefoyerxl.be\/wp-content\/uploads\/2022\/11\/Logo-Chevrefeuille-847x1024.png","type":"image\/png"}],"twitter_card":"summary_large_image","twitter_misc":{"Estimated reading time":"1 minute"},"schema":{"@context":"https:\/\/schema.org","@graph":[{"@type":"WebPage","@id":"https:\/\/lefoyerxl.be\/communaute\/chevrefeuille-asbl\/","url":"https:\/\/lefoyerxl.be\/communaute\/chevrefeuille-asbl\/","name":"Ch\u00e8vrefeuille Asbl - Centre de sant\u00e9 le foyer","isPartOf":{"@id":"https:\/\/lefoyerxl.be\/#website"},"primaryImageOfPage":{"@id":"https:\/\/lefoyerxl.be\/communaute\/chevrefeuille-asbl\/#primaryimage"},"image":{"@id":"https:\/\/lefoyerxl.be\/communaute\/chevrefeuille-asbl\/#primaryimage"},"thumbnailUrl":"https:\/\/lefoyerxl.be\/wp-content\/uploads\/2022\/11\/Logo-Chevrefeuille.png","datePublished":"2022-11-08T01:24:55+00:00","dateModified":"2022-11-08T01:28:39+00:00","breadcrumb":{"@id":"https:\/\/lefoyerxl.be\/communaute\/chevrefeuille-asbl\/#breadcrumb"},"inLanguage":"en-GB","potentialAction":[{"@type":"ReadAction","target":["https:\/\/lefoyerxl.be\/communaute\/chevrefeuille-asbl\/"]}]},{"@type":"ImageObject","inLanguage":"en-GB","@id":"https:\/\/lefoyerxl.be\/communaute\/chevrefeuille-asbl\/#primaryimage","url":"https:\/\/lefoyerxl.be\/wp-content\/uploads\/2022\/11\/Logo-Chevrefeuille.png","contentUrl":"https:\/\/lefoyerxl.be\/wp-content\/uploads\/2022\/11\/Logo-Chevrefeuille.png","width":1095,"height":1324},{"@type":"BreadcrumbList","@id":"https:\/\/lefoyerxl.be\/communaute\/chevrefeuille-asbl\/#breadcrumb","itemListElement":[{"@type":"ListItem","position":1,"name":"Accueil","item":"https:\/\/lefoyerxl.be\/"},{"@type":"ListItem","position":2,"name":"Communaut\u00e9","item":"https:\/\/lefoyerxl.be\/communaute\/"},{"@type":"ListItem","position":3,"name":"Ch\u00e8vrefeuille Asbl"}]},{"@type":"WebSite","@id":"https:\/\/lefoyerxl.be\/#website","url":"https:\/\/lefoyerxl.be\/","name":"Health centre le foyer","description":"","publisher":{"@id":"https:\/\/lefoyerxl.be\/#organization"},"potentialAction":[{"@type":"SearchAction","target":{"@type":"EntryPoint","urlTemplate":"https:\/\/lefoyerxl.be\/?s={search_term_string}"},"query-input":{"@type":"PropertyValueSpecification","valueRequired":true,"valueName":"search_term_string"}}],"inLanguage":"en-GB"},{"@type":"Organization","@id":"https:\/\/lefoyerxl.be\/#organization","name":"Health centre le foyer","url":"https:\/\/lefoyerxl.be\/","logo":{"@type":"ImageObject","inLanguage":"en-GB","@id":"https:\/\/lefoyerxl.be\/#\/schema\/logo\/image\/","url":"https:\/\/lefoyerxl.be\/wp-content\/uploads\/2022\/05\/Logo_Centre_de_sante_Le_Foyer_72dpi.png","contentUrl":"https:\/\/lefoyerxl.be\/wp-content\/uploads\/2022\/05\/Logo_Centre_de_sante_Le_Foyer_72dpi.png","width":800,"height":620,"caption":"Centre de sant\u00e9 le foyer"},"image":{"@id":"https:\/\/lefoyerxl.be\/#\/schema\/logo\/image\/"}}]}},"_links":{"self":[{"href":"https:\/\/lefoyerxl.be\/en\/wp-json\/wp\/v2\/communaute\/3784","targetHints":{"allow":["GET"]}}],"collection":[{"href":"https:\/\/lefoyerxl.be\/en\/wp-json\/wp\/v2\/communaute"}],"about":[{"href":"https:\/\/lefoyerxl.be\/en\/wp-json\/wp\/v2\/types\/communaute"}],"version-history":[{"count":5,"href":"https:\/\/lefoyerxl.be\/en\/wp-json\/wp\/v2\/communaute\/3784\/revisions"}],"predecessor-version":[{"id":3790,"href":"https:\/\/lefoyerxl.be\/en\/wp-json\/wp\/v2\/communaute\/3784\/revisions\/3790"}],"wp:featuredmedia":[{"embeddable":true,"href":"https:\/\/lefoyerxl.be\/en\/wp-json\/wp\/v2\/media\/3785"}],"wp:attachment":[{"href":"https:\/\/lefoyerxl.be\/en\/wp-json\/wp\/v2\/media?parent=3784"}],"curies":[{"name":"wp","href":"https:\/\/api.w.org\/{rel}","templated":true}]}}

Chèvrefeuille Asbl

<div data-elementor-type="wp-post" data-elementor-id="3784" class="elementor elementor-3784" data-elementor-post-type="communaute">
						<section class="elementor-section elementor-top-section elementor-element elementor-element-36e0d45 elementor-section-boxed elementor-section-height-default elementor-section-height-default" data-id="36e0d45" data-element_type="section" data-e-type="section">
						<div class="elementor-container elementor-column-gap-default">
					<div class="elementor-column elementor-col-100 elementor-top-column elementor-element elementor-element-a9026d1" data-id="a9026d1" data-element_type="column" data-e-type="column">
			<div class="elementor-widget-wrap elementor-element-populated">
						<div class="elementor-element elementor-element-a273735 elementor-widget elementor-widget-text-editor" data-id="a273735" data-element_type="widget" data-e-type="widget" data-widget_type="text-editor.default">
				<div class="elementor-widget-container">
									<p>Chèvrefeuille welcomes mothers or mothers-to-be aged 15 or over and accompanied by children under 7 years old. This last limit can be exceeded in order not to separate siblings.</p><p><br />However, the limit is maintained for the most part in order to maintain the specificity of care for very young children and to maintain the difference between older children and younger mothers.</p><p> </p><p>In the community house, the adult population is exclusively female.</p>								</div>
				</div>
					</div>
		</div>
					</div>
		</section>
				<section class="elementor-section elementor-top-section elementor-element elementor-element-e962493 elementor-section-boxed elementor-section-height-default elementor-section-height-default" data-id="e962493" data-element_type="section" data-e-type="section">
						<div class="elementor-container elementor-column-gap-default">
					<div class="elementor-column elementor-col-100 elementor-top-column elementor-element elementor-element-844ef3d" data-id="844ef3d" data-element_type="column" data-e-type="column">
			<div class="elementor-widget-wrap elementor-element-populated">
						<div class="elementor-element elementor-element-8e09666 elementor-align-center elementor-widget elementor-widget-button" data-id="8e09666" data-element_type="widget" data-e-type="widget" data-widget_type="button.default">
				<div class="elementor-widget-container">
									<div class="elementor-button-wrapper">
					<a class="elementor-button elementor-button-link elementor-size-sm" href="https://chevrefeuille.be/">
						<span class="elementor-button-content-wrapper">
									<span class="elementor-button-text">Click here</span>
					</span>
					</a>
				</div>
								</div>
				</div>
					</div>
		</div>
					</div>
		</section>
				</div>

<!-- This site is optimized with the Yoast SEO plugin v27.4 - https://yoast.com/product/yoast-seo-wordpress/ -->
<title>Chèvrefeuille Asbl - Centre de santé le foyer</title>
<meta name="robots" content="index, follow, max-snippet:-1, max-image-preview:large, max-video-preview:-1" />
<link rel="canonical" href="https://lefoyerxl.be/en/communaute/chevrefeuille-asbl/" />
<meta property="og:locale" content="en_GB" />
<meta property="og:type" content="article" />
<meta property="og:title" content="Chèvrefeuille Asbl - Centre de santé le foyer" />
<meta property="og:description" content="Chèvrefeuille accueille des mères ou futures mères âgées de 15&hellip; Continue reading Chèvrefeuille Asbl" />
<meta property="og:url" content="https://lefoyerxl.be/en/communaute/chevrefeuille-asbl/" />
<meta property="og:site_name" content="Centre de santé le foyer" />
<meta property="article:modified_time" content="2022-11-08T01:28:39+00:00" />
<meta property="og:image" content="https://lefoyerxl.be/wp-content/uploads/2022/11/Logo-Chevrefeuille-847x1024.png" />
	<meta property="og:image:width" content="847" />
	<meta property="og:image:height" content="1024" />
	<meta property="og:image:type" content="image/png" />
<meta name="twitter:card" content="summary_large_image" />
<meta name="twitter:label1" content="Estimated reading time" />
	<meta name="twitter:data1" content="1 minute" />
<script type="application/ld+json" class="yoast-schema-graph">{"@context":"https:\/\/schema.org","@graph":[{"@type":"WebPage","@id":"https:\/\/lefoyerxl.be\/communaute\/chevrefeuille-asbl\/","url":"https:\/\/lefoyerxl.be\/communaute\/chevrefeuille-asbl\/","name":"Chèvrefeuille Asbl - Centre de santé le foyer","isPartOf":{"@id":"https:\/\/lefoyerxl.be\/#website"},"primaryImageOfPage":{"@id":"https:\/\/lefoyerxl.be\/communaute\/chevrefeuille-asbl\/#primaryimage"},"image":{"@id":"https:\/\/lefoyerxl.be\/communaute\/chevrefeuille-asbl\/#primaryimage"},"thumbnailUrl":"https:\/\/lefoyerxl.be\/wp-content\/uploads\/2022\/11\/Logo-Chevrefeuille.png","datePublished":"2022-11-08T01:24:55+00:00","dateModified":"2022-11-08T01:28:39+00:00","breadcrumb":{"@id":"https:\/\/lefoyerxl.be\/communaute\/chevrefeuille-asbl\/#breadcrumb"},"inLanguage":"en-GB","potentialAction":[{"@type":"ReadAction","target":["https:\/\/lefoyerxl.be\/communaute\/chevrefeuille-asbl\/"]}]},{"@type":"ImageObject","inLanguage":"en-GB","@id":"https:\/\/lefoyerxl.be\/communaute\/chevrefeuille-asbl\/#primaryimage","url":"https:\/\/lefoyerxl.be\/wp-content\/uploads\/2022\/11\/Logo-Chevrefeuille.png","contentUrl":"https:\/\/lefoyerxl.be\/wp-content\/uploads\/2022\/11\/Logo-Chevrefeuille.png","width":1095,"height":1324},{"@type":"BreadcrumbList","@id":"https:\/\/lefoyerxl.be\/communaute\/chevrefeuille-asbl\/#breadcrumb","itemListElement":[{"@type":"ListItem","position":1,"name":"Accueil","item":"https:\/\/lefoyerxl.be\/"},{"@type":"ListItem","position":2,"name":"Communauté","item":"https:\/\/lefoyerxl.be\/communaute\/"},{"@type":"ListItem","position":3,"name":"Chèvrefeuille Asbl"}]},{"@type":"WebSite","@id":"https:\/\/lefoyerxl.be\/#website","url":"https:\/\/lefoyerxl.be\/","name":"Centre de santé le foyer","description":"","publisher":{"@id":"https:\/\/lefoyerxl.be\/#organization"},"potentialAction":[{"@type":"SearchAction","target":{"@type":"EntryPoint","urlTemplate":"https:\/\/lefoyerxl.be\/?s={search_term_string}"},"query-input":{"@type":"PropertyValueSpecification","valueRequired":true,"valueName":"search_term_string"}}],"inLanguage":"en-GB"},{"@type":"Organization","@id":"https:\/\/lefoyerxl.be\/#organization","name":"Centre de santé le foyer","url":"https:\/\/lefoyerxl.be\/","logo":{"@type":"ImageObject","inLanguage":"en-GB","@id":"https:\/\/lefoyerxl.be\/#\/schema\/logo\/image\/","url":"https:\/\/lefoyerxl.be\/wp-content\/uploads\/2022\/05\/Logo_Centre_de_sante_Le_Foyer_72dpi.png","contentUrl":"https:\/\/lefoyerxl.be\/wp-content\/uploads\/2022\/05\/Logo_Centre_de_sante_Le_Foyer_72dpi.png","width":800,"height":620,"caption":"Centre de santé le foyer"},"image":{"@id":"https:\/\/lefoyerxl.be\/#\/schema\/logo\/image\/"}}]}</script>
<!-- / Yoast SEO plugin. -->

Chèvrefeuille Asbl - Centre de santé le foyer

Chèvrefeuille accueille des mères ou futures mères âgées de 15&hellip; Continue reading Chèvrefeuille Asbl

Centre de santé le foyer

Communauté
