{"id":3619,"date":"2022-09-17T05:35:23","date_gmt":"2022-09-17T03:35:23","guid":{"rendered":"https:\/\/lefoyerxl.be\/?post_type=arcticles-bruxelles&#038;p=3619"},"modified":"2022-09-17T08:54:54","modified_gmt":"2022-09-17T06:54:54","slug":"naissances","status":"publish","type":"arcticles-bruxelles","link":"https:\/\/lefoyerxl.be\/de\/arcticles-bruxelles\/geburten\/","title":{"rendered":"Geburten"},"content":{"rendered":"<div data-elementor-type=\"wp-post\" data-elementor-id=\"3619\" class=\"elementor elementor-3619\" data-elementor-post-type=\"arcticles-bruxelles\">\n\t\t\t\t\t\t<section class=\"elementor-section elementor-top-section elementor-element elementor-element-4da9eab elementor-section-boxed elementor-section-height-default elementor-section-height-default\" data-id=\"4da9eab\" data-element_type=\"section\" data-e-type=\"section\">\n\t\t\t\t\t\t<div class=\"elementor-container elementor-column-gap-default\">\n\t\t\t\t\t<div class=\"elementor-column elementor-col-100 elementor-top-column elementor-element elementor-element-d0f538c\" data-id=\"d0f538c\" data-element_type=\"column\" data-e-type=\"column\">\n\t\t\t<div class=\"elementor-widget-wrap elementor-element-populated\">\n\t\t\t\t\t\t<div class=\"elementor-element elementor-element-2e97f0d elementor-widget elementor-widget-text-editor\" data-id=\"2e97f0d\" data-element_type=\"widget\" data-e-type=\"widget\" data-widget_type=\"text-editor.default\">\n\t\t\t\t<div class=\"elementor-widget-container\">\n\t\t\t\t\t\t\t\t\t<p><strong>Die Anmeldung der Geburt ist eine obligatorische Formalit\u00e4t<\/strong>Diese muss sp\u00e4testens 15 Tage nach der Geburt beim Standesamt des Geburtsortes erfolgen.  Viele Entbindungsstationen in Belgien bieten jedoch einen dezentralen Dienst an, der es erm\u00f6glicht, die Geburt direkt im Krankenhaus anzumelden.\u00a0<\/p><p>\u00a0<\/p><p>Wenn die Abstammung zu beiden Elternteilen feststeht (aufgrund der Vaterschaftsvermutung des Ehemannes oder aufgrund einer vorgeburtlichen Anerkennung), kann die Erkl\u00e4rung nur von einem Elternteil abgegeben werden.  Wenn die v\u00e4terliche Abstammung nicht aufgrund einer Eheschlie\u00dfung oder einer vorgeburtlichen Anerkennung festgestellt wurde, kann das Kind sofort bei der Ausstellung der Urkunde oder sp\u00e4ter bei einer nachgeburtlichen Anerkennung anerkannt werden.<\/p><p>\u00a0<\/p><ul><li><strong>Pr\u00e4natale Anerkennung<\/strong>\u00a0Wenn die zuk\u00fcnftigen Eltern nicht verheiratet sind, k\u00f6nnen sie eine vorgeburtliche Anerkennung vornehmen, indem sie ab dem sechsten Schwangerschaftsmonat gemeinsam zu ihrer Gemeindeverwaltung gehen.  F\u00fcnf Werktage nach der Empfangsbest\u00e4tigung ihres Antrags werden sie aufgefordert, erneut am Schalter zu erscheinen, um die vorgeburtliche Anerkennung vorzunehmen.<\/li><\/ul><p>\u00a0<\/p><ul><li><strong>Postnatale Anerkennung<\/strong>\u00a0: Wenn die Eltern nicht verheiratet sind und keine vorgeburtliche Anerkennung vorgenommen haben, k\u00f6nnen sie gemeinsam zur Gemeindeverwaltung gehen (mit dem Kind, wenn es \u00e4lter als 12 Jahre ist), um die nachgeburtliche Anerkennung vorzunehmen.  Die Mutter muss zum Zeitpunkt der Geburt ledig gewesen sein oder die urspr\u00fcngliche v\u00e4terliche Abstammung muss rechtlich aufgel\u00f6st worden sein.<\/li><\/ul><p>\u00a0<\/p>\t\t\t\t\t\t\t\t<\/div>\n\t\t\t\t<\/div>\n\t\t\t\t\t<\/div>\n\t\t<\/div>\n\t\t\t\t\t<\/div>\n\t\t<\/section>\n\t\t\t\t<section class=\"elementor-section elementor-top-section elementor-element elementor-element-19911e3 elementor-section-boxed elementor-section-height-default elementor-section-height-default\" data-id=\"19911e3\" data-element_type=\"section\" data-e-type=\"section\">\n\t\t\t\t\t\t<div class=\"elementor-container elementor-column-gap-default\">\n\t\t\t\t\t<div class=\"elementor-column elementor-col-100 elementor-top-column elementor-element elementor-element-dfeae83\" data-id=\"dfeae83\" data-element_type=\"column\" data-e-type=\"column\">\n\t\t\t<div class=\"elementor-widget-wrap elementor-element-populated\">\n\t\t\t\t\t\t<div class=\"elementor-element elementor-element-a63a339 elementor-align-center elementor-widget elementor-widget-button\" data-id=\"a63a339\" data-element_type=\"widget\" data-e-type=\"widget\" data-widget_type=\"button.default\">\n\t\t\t\t<div class=\"elementor-widget-container\">\n\t\t\t\t\t\t\t\t\t<div class=\"elementor-button-wrapper\">\n\t\t\t\t\t<a class=\"elementor-button elementor-button-link elementor-size-sm\" href=\"https:\/\/expatsinbrussels.be\/fr\/administration\/formalites-de-s%C3%A9jour#naissances\">\n\t\t\t\t\t\t<span class=\"elementor-button-content-wrapper\">\n\t\t\t\t\t\t\t\t\t<span class=\"elementor-button-text\">Quelle<\/span>\n\t\t\t\t\t<\/span>\n\t\t\t\t\t<\/a>\n\t\t\t\t<\/div>\n\t\t\t\t\t\t\t\t<\/div>\n\t\t\t\t<\/div>\n\t\t\t\t\t<\/div>\n\t\t<\/div>\n\t\t\t\t\t<\/div>\n\t\t<\/section>\n\t\t\t\t<\/div>","protected":false},"featured_media":0,"template":"","categories_bruxelles":[36],"class_list":["post-3619","arcticles-bruxelles","type-arcticles-bruxelles","status-publish","hentry","categories_bruxelles-administration-assurances","entry"],"acf":[],"yoast_head":"<!-- This site is optimized with the Yoast SEO plugin v27.4 - https:\/\/yoast.com\/product\/yoast-seo-wordpress\/ -->\n<title>Naissances - Centre de sant\u00e9 le foyer<\/title>\n<meta name=\"robots\" content=\"index, follow, max-snippet:-1, max-image-preview:large, max-video-preview:-1\" \/>\n<link rel=\"canonical\" href=\"https:\/\/lefoyerxl.be\/de\/arcticles-bruxelles\/geburten\/\" \/>\n<meta property=\"og:locale\" content=\"de_DE\" \/>\n<meta property=\"og:type\" content=\"article\" \/>\n<meta property=\"og:title\" content=\"Naissances - Centre de sant\u00e9 le foyer\" \/>\n<meta property=\"og:description\" content=\"La d\u00e9claration de naissance est une formalit\u00e9 obligatoire, qui doit&hellip; Naissances weiterlesen\" \/>\n<meta property=\"og:url\" content=\"https:\/\/lefoyerxl.be\/de\/arcticles-bruxelles\/geburten\/\" \/>\n<meta property=\"og:site_name\" content=\"Centre de sant\u00e9 le foyer\" \/>\n<meta property=\"article:modified_time\" content=\"2022-09-17T06:54:54+00:00\" \/>\n<meta name=\"twitter:card\" content=\"summary_large_image\" \/>\n<meta name=\"twitter:label1\" content=\"Gesch\u00e4tzte Lesezeit\" \/>\n\t<meta name=\"twitter:data1\" content=\"2\u00a0Minuten\" \/>\n<script type=\"application\/ld+json\" class=\"yoast-schema-graph\">{\"@context\":\"https:\\\/\\\/schema.org\",\"@graph\":[{\"@type\":\"WebPage\",\"@id\":\"https:\\\/\\\/lefoyerxl.be\\\/arcticles-bruxelles\\\/naissances\\\/\",\"url\":\"https:\\\/\\\/lefoyerxl.be\\\/arcticles-bruxelles\\\/naissances\\\/\",\"name\":\"Naissances - Centre de sant\u00e9 le foyer\",\"isPartOf\":{\"@id\":\"https:\\\/\\\/lefoyerxl.be\\\/#website\"},\"datePublished\":\"2022-09-17T03:35:23+00:00\",\"dateModified\":\"2022-09-17T06:54:54+00:00\",\"breadcrumb\":{\"@id\":\"https:\\\/\\\/lefoyerxl.be\\\/arcticles-bruxelles\\\/naissances\\\/#breadcrumb\"},\"inLanguage\":\"de\",\"potentialAction\":[{\"@type\":\"ReadAction\",\"target\":[\"https:\\\/\\\/lefoyerxl.be\\\/arcticles-bruxelles\\\/naissances\\\/\"]}]},{\"@type\":\"BreadcrumbList\",\"@id\":\"https:\\\/\\\/lefoyerxl.be\\\/arcticles-bruxelles\\\/naissances\\\/#breadcrumb\",\"itemListElement\":[{\"@type\":\"ListItem\",\"position\":1,\"name\":\"Accueil\",\"item\":\"https:\\\/\\\/lefoyerxl.be\\\/\"},{\"@type\":\"ListItem\",\"position\":2,\"name\":\"Articles Bruxelles\",\"item\":\"https:\\\/\\\/lefoyerxl.be\\\/articles-bruxelles\\\/\"},{\"@type\":\"ListItem\",\"position\":3,\"name\":\"Naissances\"}]},{\"@type\":\"WebSite\",\"@id\":\"https:\\\/\\\/lefoyerxl.be\\\/#website\",\"url\":\"https:\\\/\\\/lefoyerxl.be\\\/\",\"name\":\"Centre de sant\u00e9 le foyer\",\"description\":\"\",\"publisher\":{\"@id\":\"https:\\\/\\\/lefoyerxl.be\\\/#organization\"},\"potentialAction\":[{\"@type\":\"SearchAction\",\"target\":{\"@type\":\"EntryPoint\",\"urlTemplate\":\"https:\\\/\\\/lefoyerxl.be\\\/?s={search_term_string}\"},\"query-input\":{\"@type\":\"PropertyValueSpecification\",\"valueRequired\":true,\"valueName\":\"search_term_string\"}}],\"inLanguage\":\"de\"},{\"@type\":\"Organization\",\"@id\":\"https:\\\/\\\/lefoyerxl.be\\\/#organization\",\"name\":\"Centre de sant\u00e9 le foyer\",\"url\":\"https:\\\/\\\/lefoyerxl.be\\\/\",\"logo\":{\"@type\":\"ImageObject\",\"inLanguage\":\"de\",\"@id\":\"https:\\\/\\\/lefoyerxl.be\\\/#\\\/schema\\\/logo\\\/image\\\/\",\"url\":\"https:\\\/\\\/lefoyerxl.be\\\/wp-content\\\/uploads\\\/2022\\\/05\\\/Logo_Centre_de_sante_Le_Foyer_72dpi.png\",\"contentUrl\":\"https:\\\/\\\/lefoyerxl.be\\\/wp-content\\\/uploads\\\/2022\\\/05\\\/Logo_Centre_de_sante_Le_Foyer_72dpi.png\",\"width\":800,\"height\":620,\"caption\":\"Centre de sant\u00e9 le foyer\"},\"image\":{\"@id\":\"https:\\\/\\\/lefoyerxl.be\\\/#\\\/schema\\\/logo\\\/image\\\/\"}}]}<\/script>\n<!-- \/ Yoast SEO plugin. -->","yoast_head_json":{"title":"Geburten - Gesundheitszentrum le foyer","robots":{"index":"index","follow":"follow","max-snippet":"max-snippet:-1","max-image-preview":"max-image-preview:large","max-video-preview":"max-video-preview:-1"},"canonical":"https:\/\/lefoyerxl.be\/de\/arcticles-bruxelles\/geburten\/","og_locale":"de_DE","og_type":"article","og_title":"Naissances - Centre de sant\u00e9 le foyer","og_description":"La d\u00e9claration de naissance est une formalit\u00e9 obligatoire, qui doit&hellip; Naissances weiterlesen","og_url":"https:\/\/lefoyerxl.be\/de\/arcticles-bruxelles\/geburten\/","og_site_name":"Centre de sant\u00e9 le foyer","article_modified_time":"2022-09-17T06:54:54+00:00","twitter_card":"summary_large_image","twitter_misc":{"Gesch\u00e4tzte Lesezeit":"2\u00a0Minuten"},"schema":{"@context":"https:\/\/schema.org","@graph":[{"@type":"WebPage","@id":"https:\/\/lefoyerxl.be\/arcticles-bruxelles\/naissances\/","url":"https:\/\/lefoyerxl.be\/arcticles-bruxelles\/naissances\/","name":"Geburten - Gesundheitszentrum le foyer","isPartOf":{"@id":"https:\/\/lefoyerxl.be\/#website"},"datePublished":"2022-09-17T03:35:23+00:00","dateModified":"2022-09-17T06:54:54+00:00","breadcrumb":{"@id":"https:\/\/lefoyerxl.be\/arcticles-bruxelles\/naissances\/#breadcrumb"},"inLanguage":"de","potentialAction":[{"@type":"ReadAction","target":["https:\/\/lefoyerxl.be\/arcticles-bruxelles\/naissances\/"]}]},{"@type":"BreadcrumbList","@id":"https:\/\/lefoyerxl.be\/arcticles-bruxelles\/naissances\/#breadcrumb","itemListElement":[{"@type":"ListItem","position":1,"name":"Accueil","item":"https:\/\/lefoyerxl.be\/"},{"@type":"ListItem","position":2,"name":"Articles Bruxelles","item":"https:\/\/lefoyerxl.be\/articles-bruxelles\/"},{"@type":"ListItem","position":3,"name":"Naissances"}]},{"@type":"WebSite","@id":"https:\/\/lefoyerxl.be\/#website","url":"https:\/\/lefoyerxl.be\/","name":"Gesundheitszentrum le foyer","description":"","publisher":{"@id":"https:\/\/lefoyerxl.be\/#organization"},"potentialAction":[{"@type":"SearchAction","target":{"@type":"EntryPoint","urlTemplate":"https:\/\/lefoyerxl.be\/?s={search_term_string}"},"query-input":{"@type":"PropertyValueSpecification","valueRequired":true,"valueName":"search_term_string"}}],"inLanguage":"de"},{"@type":"Organization","@id":"https:\/\/lefoyerxl.be\/#organization","name":"Gesundheitszentrum le foyer","url":"https:\/\/lefoyerxl.be\/","logo":{"@type":"ImageObject","inLanguage":"de","@id":"https:\/\/lefoyerxl.be\/#\/schema\/logo\/image\/","url":"https:\/\/lefoyerxl.be\/wp-content\/uploads\/2022\/05\/Logo_Centre_de_sante_Le_Foyer_72dpi.png","contentUrl":"https:\/\/lefoyerxl.be\/wp-content\/uploads\/2022\/05\/Logo_Centre_de_sante_Le_Foyer_72dpi.png","width":800,"height":620,"caption":"Centre de sant\u00e9 le foyer"},"image":{"@id":"https:\/\/lefoyerxl.be\/#\/schema\/logo\/image\/"}}]}},"_links":{"self":[{"href":"https:\/\/lefoyerxl.be\/de\/wp-json\/wp\/v2\/arcticles-bruxelles\/3619","targetHints":{"allow":["GET"]}}],"collection":[{"href":"https:\/\/lefoyerxl.be\/de\/wp-json\/wp\/v2\/arcticles-bruxelles"}],"about":[{"href":"https:\/\/lefoyerxl.be\/de\/wp-json\/wp\/v2\/types\/arcticles-bruxelles"}],"version-history":[{"count":8,"href":"https:\/\/lefoyerxl.be\/de\/wp-json\/wp\/v2\/arcticles-bruxelles\/3619\/revisions"}],"predecessor-version":[{"id":3638,"href":"https:\/\/lefoyerxl.be\/de\/wp-json\/wp\/v2\/arcticles-bruxelles\/3619\/revisions\/3638"}],"wp:attachment":[{"href":"https:\/\/lefoyerxl.be\/de\/wp-json\/wp\/v2\/media?parent=3619"}],"wp:term":[{"taxonomy":"categories_bruxelles","embeddable":true,"href":"https:\/\/lefoyerxl.be\/de\/wp-json\/wp\/v2\/categories_bruxelles?post=3619"}],"curies":[{"name":"wp","href":"https:\/\/api.w.org\/{rel}","templated":true}]}}

<div data-elementor-type="wp-post" data-elementor-id="3619" class="elementor elementor-3619" data-elementor-post-type="arcticles-bruxelles">
						<section class="elementor-section elementor-top-section elementor-element elementor-element-4da9eab elementor-section-boxed elementor-section-height-default elementor-section-height-default" data-id="4da9eab" data-element_type="section" data-e-type="section">
						<div class="elementor-container elementor-column-gap-default">
					<div class="elementor-column elementor-col-100 elementor-top-column elementor-element elementor-element-d0f538c" data-id="d0f538c" data-element_type="column" data-e-type="column">
			<div class="elementor-widget-wrap elementor-element-populated">
						<div class="elementor-element elementor-element-2e97f0d elementor-widget elementor-widget-text-editor" data-id="2e97f0d" data-element_type="widget" data-e-type="widget" data-widget_type="text-editor.default">
				<div class="elementor-widget-container">
									<p><strong>Die Anmeldung der Geburt ist eine obligatorische Formalität</strong>Diese muss spätestens 15 Tage nach der Geburt beim Standesamt des Geburtsortes erfolgen.  Viele Entbindungsstationen in Belgien bieten jedoch einen dezentralen Dienst an, der es ermöglicht, die Geburt direkt im Krankenhaus anzumelden. </p><p> </p><p>Wenn die Abstammung zu beiden Elternteilen feststeht (aufgrund der Vaterschaftsvermutung des Ehemannes oder aufgrund einer vorgeburtlichen Anerkennung), kann die Erklärung nur von einem Elternteil abgegeben werden.  Wenn die väterliche Abstammung nicht aufgrund einer Eheschließung oder einer vorgeburtlichen Anerkennung festgestellt wurde, kann das Kind sofort bei der Ausstellung der Urkunde oder später bei einer nachgeburtlichen Anerkennung anerkannt werden.</p><p> </p><ul><li><strong>Pränatale Anerkennung</strong> Wenn die zukünftigen Eltern nicht verheiratet sind, können sie eine vorgeburtliche Anerkennung vornehmen, indem sie ab dem sechsten Schwangerschaftsmonat gemeinsam zu ihrer Gemeindeverwaltung gehen.  Fünf Werktage nach der Empfangsbestätigung ihres Antrags werden sie aufgefordert, erneut am Schalter zu erscheinen, um die vorgeburtliche Anerkennung vorzunehmen.</li></ul><p> </p><ul><li><strong>Postnatale Anerkennung</strong> : Wenn die Eltern nicht verheiratet sind und keine vorgeburtliche Anerkennung vorgenommen haben, können sie gemeinsam zur Gemeindeverwaltung gehen (mit dem Kind, wenn es älter als 12 Jahre ist), um die nachgeburtliche Anerkennung vorzunehmen.  Die Mutter muss zum Zeitpunkt der Geburt ledig gewesen sein oder die ursprüngliche väterliche Abstammung muss rechtlich aufgelöst worden sein.</li></ul><p> </p>								</div>
				</div>
					</div>
		</div>
					</div>
		</section>
				<section class="elementor-section elementor-top-section elementor-element elementor-element-19911e3 elementor-section-boxed elementor-section-height-default elementor-section-height-default" data-id="19911e3" data-element_type="section" data-e-type="section">
						<div class="elementor-container elementor-column-gap-default">
					<div class="elementor-column elementor-col-100 elementor-top-column elementor-element elementor-element-dfeae83" data-id="dfeae83" data-element_type="column" data-e-type="column">
			<div class="elementor-widget-wrap elementor-element-populated">
						<div class="elementor-element elementor-element-a63a339 elementor-align-center elementor-widget elementor-widget-button" data-id="a63a339" data-element_type="widget" data-e-type="widget" data-widget_type="button.default">
				<div class="elementor-widget-container">
									<div class="elementor-button-wrapper">
					<a class="elementor-button elementor-button-link elementor-size-sm" href="https://expatsinbrussels.be/fr/administration/formalites-de-s%C3%A9jour#naissances">
						<span class="elementor-button-content-wrapper">
									<span class="elementor-button-text">Quelle</span>
					</span>
					</a>
				</div>
								</div>
				</div>
					</div>
		</div>
					</div>
		</section>
				</div>

<!-- This site is optimized with the Yoast SEO plugin v27.4 - https://yoast.com/product/yoast-seo-wordpress/ -->
<title>Naissances - Centre de santé le foyer</title>
<meta name="robots" content="index, follow, max-snippet:-1, max-image-preview:large, max-video-preview:-1" />
<link rel="canonical" href="https://lefoyerxl.be/de/arcticles-bruxelles/geburten/" />
<meta property="og:locale" content="de_DE" />
<meta property="og:type" content="article" />
<meta property="og:title" content="Naissances - Centre de santé le foyer" />
<meta property="og:description" content="La déclaration de naissance est une formalité obligatoire, qui doit&hellip; Naissances weiterlesen" />
<meta property="og:url" content="https://lefoyerxl.be/de/arcticles-bruxelles/geburten/" />
<meta property="og:site_name" content="Centre de santé le foyer" />
<meta property="article:modified_time" content="2022-09-17T06:54:54+00:00" />
<meta name="twitter:card" content="summary_large_image" />
<meta name="twitter:label1" content="Geschätzte Lesezeit" />
	<meta name="twitter:data1" content="2 Minuten" />
<script type="application/ld+json" class="yoast-schema-graph">{"@context":"https:\/\/schema.org","@graph":[{"@type":"WebPage","@id":"https:\/\/lefoyerxl.be\/arcticles-bruxelles\/naissances\/","url":"https:\/\/lefoyerxl.be\/arcticles-bruxelles\/naissances\/","name":"Naissances - Centre de santé le foyer","isPartOf":{"@id":"https:\/\/lefoyerxl.be\/#website"},"datePublished":"2022-09-17T03:35:23+00:00","dateModified":"2022-09-17T06:54:54+00:00","breadcrumb":{"@id":"https:\/\/lefoyerxl.be\/arcticles-bruxelles\/naissances\/#breadcrumb"},"inLanguage":"de","potentialAction":[{"@type":"ReadAction","target":["https:\/\/lefoyerxl.be\/arcticles-bruxelles\/naissances\/"]}]},{"@type":"BreadcrumbList","@id":"https:\/\/lefoyerxl.be\/arcticles-bruxelles\/naissances\/#breadcrumb","itemListElement":[{"@type":"ListItem","position":1,"name":"Accueil","item":"https:\/\/lefoyerxl.be\/"},{"@type":"ListItem","position":2,"name":"Articles Bruxelles","item":"https:\/\/lefoyerxl.be\/articles-bruxelles\/"},{"@type":"ListItem","position":3,"name":"Naissances"}]},{"@type":"WebSite","@id":"https:\/\/lefoyerxl.be\/#website","url":"https:\/\/lefoyerxl.be\/","name":"Centre de santé le foyer","description":"","publisher":{"@id":"https:\/\/lefoyerxl.be\/#organization"},"potentialAction":[{"@type":"SearchAction","target":{"@type":"EntryPoint","urlTemplate":"https:\/\/lefoyerxl.be\/?s={search_term_string}"},"query-input":{"@type":"PropertyValueSpecification","valueRequired":true,"valueName":"search_term_string"}}],"inLanguage":"de"},{"@type":"Organization","@id":"https:\/\/lefoyerxl.be\/#organization","name":"Centre de santé le foyer","url":"https:\/\/lefoyerxl.be\/","logo":{"@type":"ImageObject","inLanguage":"de","@id":"https:\/\/lefoyerxl.be\/#\/schema\/logo\/image\/","url":"https:\/\/lefoyerxl.be\/wp-content\/uploads\/2022\/05\/Logo_Centre_de_sante_Le_Foyer_72dpi.png","contentUrl":"https:\/\/lefoyerxl.be\/wp-content\/uploads\/2022\/05\/Logo_Centre_de_sante_Le_Foyer_72dpi.png","width":800,"height":620,"caption":"Centre de santé le foyer"},"image":{"@id":"https:\/\/lefoyerxl.be\/#\/schema\/logo\/image\/"}}]}</script>
<!-- / Yoast SEO plugin. -->

Naissances - Centre de santé le foyer

La déclaration de naissance est une formalité obligatoire, qui doit&hellip; Naissances weiterlesen

Centre de santé le foyer
